{"id":8124,"date":"2024-12-08T15:40:42","date_gmt":"2024-12-08T15:40:42","guid":{"rendered":"https:\/\/www.colefillesbalears.com\/web\/?page_id=8124"},"modified":"2026-04-21T13:11:32","modified_gmt":"2026-04-21T13:11:32","slug":"defc-2026","status":"publish","type":"page","link":"https:\/\/www.colefillesbalears.com\/web\/defc-2026\/","title":{"rendered":"DEFC 2026"},"content":{"rendered":"\n<h2 class=\"wp-block-heading has-text-align-center has-x-large-font-size\"><strong><em>16a EDICI\u00d3<\/em><\/strong><\/h2>\n\n\n\n<h2 class=\"wp-block-heading has-text-align-center has-large-font-size\"><em><strong>\u00abEF 2.0: Movent cossos, connectant ments\u00bb<\/strong><\/em><\/h2>\n\n\n\n<figure class=\"wp-block-image size-full\"><a href=\"http:\/\/www.colefillesbalears.com\/web\/wp-content\/uploads\/2026\/02\/2026-02-06-DEFC-CAT-IG01.png\"><img decoding=\"async\" loading=\"lazy\" width=\"1081\" height=\"1351\" src=\"http:\/\/www.colefillesbalears.com\/web\/wp-content\/uploads\/2026\/02\/2026-02-06-DEFC-CAT-IG01.png\" alt=\"\" class=\"wp-image-8459\" srcset=\"https:\/\/www.colefillesbalears.com\/web\/wp-content\/uploads\/2026\/02\/2026-02-06-DEFC-CAT-IG01.png 1081w, https:\/\/www.colefillesbalears.com\/web\/wp-content\/uploads\/2026\/02\/2026-02-06-DEFC-CAT-IG01-768x959.png 768w\" sizes=\"(max-width: 1081px) 100vw, 1081px\" \/><\/a><\/figure>\n\n\n\n<h2 class=\"wp-block-heading has-text-align-center has-x-large-font-size\"><img decoding=\"async\" src=\"https:\/\/fonts.gstatic.com\/s\/e\/notoemoji\/15.1\/1f4dd\/32.png\" alt=\"????\">&nbsp;<a href=\"https:\/\/docs.google.com\/forms\/d\/e\/1FAIpQLSdkdLLBFY_lrZPqLjge0M9hXqrGYCBdjEDOX62BzvAYaCWbdA\/viewform\" target=\"_blank\" rel=\"noreferrer noopener\">FORMULARI D&#8217;ADHESI\u00d3<\/a>&nbsp;<img decoding=\"async\" src=\"https:\/\/fonts.gstatic.com\/s\/e\/notoemoji\/15.1\/1f4dd\/32.png\" alt=\"????\"><\/h2>\n\n\n\n<h2 class=\"wp-block-heading has-text-align-center has-x-large-font-size\" style=\"font-style:normal;font-weight:700;text-transform:uppercase\"><strong><mark style=\"background-color:rgba(0, 0, 0, 0)\" class=\"has-inline-color has-luminous-vivid-orange-color\">Dijous, 16 d&#8217;abril de 2026<\/mark><\/strong><\/h2>\n\n\n\n<h2 class=\"wp-block-heading\">Podeu ampliar la informaci\u00f3 a la&nbsp;<a href=\"https:\/\/www.consejo-colef.es\/defc\" target=\"_blank\" rel=\"noreferrer noopener\">web<\/a>&nbsp;amb el&nbsp;<a href=\"https:\/\/drive.google.com\/file\/d\/1hicUUEHJL6bQb7Iyx917Ymq-5hh4W3wS\/view\" target=\"_blank\" rel=\"noreferrer noopener\">dossier informatiu<\/a>&nbsp;i la&nbsp;<a href=\"https:\/\/www.consejo-colef.es\/post\/defc-2026\" target=\"_blank\" rel=\"noreferrer noopener\">nota de premsa del Consejo COLEF<\/a>, com tamb\u00e9 realitzar la&nbsp;<a href=\"https:\/\/docs.google.com\/forms\/d\/e\/1FAIpQLSdkdLLBFY_lrZPqLjge0M9hXqrGYCBdjEDOX62BzvAYaCWbdA\/viewform\" target=\"_blank\" rel=\"noreferrer noopener\">inscripci\u00f3<\/a>&nbsp;del vostre centre.<\/h2>\n\n\n\n<h2 class=\"wp-block-heading\">17\/04\/2026 <a href=\"https:\/\/www.colefillesbalears.com\/web\/2026\/04\/17\/les-illes-balears-celebren-el-dia-de-leducacio-fisica-al-carrer-amb-prop-de-8-000-alumnes-participants\/\">Les Illes Balears celebren el Dia de l\u2019Educaci\u00f3 F\u00edsica al Carrer amb prop de 8.000 alumnes participants<\/a><\/h2>\n","protected":false},"excerpt":{"rendered":"<p>16a EDICI\u00d3 \u00abEF 2.0: Movent cossos, connectant ments\u00bb &nbsp;FORMULARI D&#8217;ADHESI\u00d3&nbsp; Dijous, 16 d&#8217;abril de 2026 Podeu ampliar la informaci\u00f3 a la&nbsp;web&nbsp;amb el&nbsp;dossier informatiu&nbsp;i la&nbsp;nota de premsa del Consejo COLEF, com tamb\u00e9 realitzar la&nbsp;inscripci\u00f3&nbsp;del vostre centre. 17\/04\/2026 Les Illes Balears celebren el Dia de l\u2019Educaci\u00f3 F\u00edsica al Carrer amb prop de 8.000 alumnes participants<\/p>\n","protected":false},"author":4,"featured_media":0,"parent":0,"menu_order":0,"comment_status":"closed","ping_status":"closed","template":"","meta":[],"yoast_head":"<!-- This site is optimized with the Yoast SEO plugin v19.6.1 - https:\/\/yoast.com\/wordpress\/plugins\/seo\/ -->\n<title>DEFC 2026 - COLEF Illes Balears<\/title>\n<meta name=\"robots\" content=\"index, follow, max-snippet:-1, max-image-preview:large, max-video-preview:-1\" \/>\n<link rel=\"canonical\" href=\"https:\/\/www.colefillesbalears.com\/web\/defc-2026\/\" \/>\n<meta property=\"og:locale\" content=\"es_ES\" \/>\n<meta property=\"og:type\" content=\"article\" \/>\n<meta property=\"og:title\" content=\"DEFC 2026 - COLEF Illes Balears\" \/>\n<meta property=\"og:description\" content=\"16a EDICI\u00d3 \u00abEF 2.0: Movent cossos, connectant ments\u00bb &nbsp;FORMULARI D&#8217;ADHESI\u00d3&nbsp; Dijous, 16 d&#8217;abril de 2026 Podeu ampliar la informaci\u00f3 a la&nbsp;web&nbsp;amb el&nbsp;dossier informatiu&nbsp;i la&nbsp;nota de premsa del Consejo COLEF, com tamb\u00e9 realitzar la&nbsp;inscripci\u00f3&nbsp;del vostre centre. 17\/04\/2026 Les Illes Balears celebren el Dia de l\u2019Educaci\u00f3 F\u00edsica al Carrer amb prop de 8.000 alumnes participants\" \/>\n<meta property=\"og:url\" content=\"https:\/\/www.colefillesbalears.com\/web\/defc-2026\/\" \/>\n<meta property=\"og:site_name\" content=\"COLEF Illes Balears\" \/>\n<meta property=\"article:publisher\" content=\"https:\/\/www.facebook.com\/colef.illesbalears\/?ref=bookmarks\" \/>\n<meta property=\"article:modified_time\" content=\"2026-04-21T13:11:32+00:00\" \/>\n<meta property=\"og:image\" content=\"http:\/\/www.colefillesbalears.com\/web\/wp-content\/uploads\/2026\/02\/2026-02-06-DEFC-CAT-IG01.png\" \/>\n<meta name=\"twitter:card\" content=\"summary_large_image\" \/>\n<meta name=\"twitter:site\" content=\"@COLEFBalears\" \/>\n<script type=\"application\/ld+json\" class=\"yoast-schema-graph\">{\"@context\":\"https:\/\/schema.org\",\"@graph\":[{\"@type\":\"WebPage\",\"@id\":\"https:\/\/www.colefillesbalears.com\/web\/defc-2026\/\",\"url\":\"https:\/\/www.colefillesbalears.com\/web\/defc-2026\/\",\"name\":\"DEFC 2026 - COLEF Illes Balears\",\"isPartOf\":{\"@id\":\"http:\/\/www.colefillesbalears.com\/web\/#website\"},\"datePublished\":\"2024-12-08T15:40:42+00:00\",\"dateModified\":\"2026-04-21T13:11:32+00:00\",\"breadcrumb\":{\"@id\":\"https:\/\/www.colefillesbalears.com\/web\/defc-2026\/#breadcrumb\"},\"inLanguage\":\"es\",\"potentialAction\":[{\"@type\":\"ReadAction\",\"target\":[\"https:\/\/www.colefillesbalears.com\/web\/defc-2026\/\"]}]},{\"@type\":\"BreadcrumbList\",\"@id\":\"https:\/\/www.colefillesbalears.com\/web\/defc-2026\/#breadcrumb\",\"itemListElement\":[{\"@type\":\"ListItem\",\"position\":1,\"name\":\"Portada\",\"item\":\"http:\/\/www.colefillesbalears.com\/web\/\"},{\"@type\":\"ListItem\",\"position\":2,\"name\":\"DEFC 2026\"}]},{\"@type\":\"WebSite\",\"@id\":\"http:\/\/www.colefillesbalears.com\/web\/#website\",\"url\":\"http:\/\/www.colefillesbalears.com\/web\/\",\"name\":\"COLEF Illes Balears\",\"description\":\"\",\"publisher\":{\"@id\":\"http:\/\/www.colefillesbalears.com\/web\/#organization\"},\"potentialAction\":[{\"@type\":\"SearchAction\",\"target\":{\"@type\":\"EntryPoint\",\"urlTemplate\":\"http:\/\/www.colefillesbalears.com\/web\/?s={search_term_string}\"},\"query-input\":\"required name=search_term_string\"}],\"inLanguage\":\"es\"},{\"@type\":\"Organization\",\"@id\":\"http:\/\/www.colefillesbalears.com\/web\/#organization\",\"name\":\"Col\u00b7legi Oficial de Llicenciats en Ci\u00e8ncies de l'Activitat F\u00edsica i l'Esport de les Illes Balears\",\"url\":\"http:\/\/www.colefillesbalears.com\/web\/\",\"sameAs\":[\"https:\/\/www.youtube.com\/channel\/UClDRzEzUh03bePGcdVFw1cQ\/featured\",\"https:\/\/www.facebook.com\/colef.illesbalears\/?ref=bookmarks\",\"https:\/\/twitter.com\/COLEFBalears\"],\"logo\":{\"@type\":\"ImageObject\",\"inLanguage\":\"es\",\"@id\":\"http:\/\/www.colefillesbalears.com\/web\/#\/schema\/logo\/image\/\",\"url\":\"http:\/\/www.colefillesbalears.com\/web\/wp-content\/uploads\/2019\/05\/logo-colef-5.png\",\"contentUrl\":\"http:\/\/www.colefillesbalears.com\/web\/wp-content\/uploads\/2019\/05\/logo-colef-5.png\",\"width\":414,\"height\":175,\"caption\":\"Col\u00b7legi Oficial de Llicenciats en Ci\u00e8ncies de l'Activitat F\u00edsica i l'Esport de les Illes Balears\"},\"image\":{\"@id\":\"http:\/\/www.colefillesbalears.com\/web\/#\/schema\/logo\/image\/\"}}]}<\/script>\n<!-- \/ Yoast SEO plugin. -->","yoast_head_json":{"title":"DEFC 2026 - COLEF Illes Balears","robots":{"index":"index","follow":"follow","max-snippet":"max-snippet:-1","max-image-preview":"max-image-preview:large","max-video-preview":"max-video-preview:-1"},"canonical":"https:\/\/www.colefillesbalears.com\/web\/defc-2026\/","og_locale":"es_ES","og_type":"article","og_title":"DEFC 2026 - COLEF Illes Balears","og_description":"16a EDICI\u00d3 \u00abEF 2.0: Movent cossos, connectant ments\u00bb &nbsp;FORMULARI D&#8217;ADHESI\u00d3&nbsp; Dijous, 16 d&#8217;abril de 2026 Podeu ampliar la informaci\u00f3 a la&nbsp;web&nbsp;amb el&nbsp;dossier informatiu&nbsp;i la&nbsp;nota de premsa del Consejo COLEF, com tamb\u00e9 realitzar la&nbsp;inscripci\u00f3&nbsp;del vostre centre. 17\/04\/2026 Les Illes Balears celebren el Dia de l\u2019Educaci\u00f3 F\u00edsica al Carrer amb prop de 8.000 alumnes participants","og_url":"https:\/\/www.colefillesbalears.com\/web\/defc-2026\/","og_site_name":"COLEF Illes Balears","article_publisher":"https:\/\/www.facebook.com\/colef.illesbalears\/?ref=bookmarks","article_modified_time":"2026-04-21T13:11:32+00:00","og_image":[{"url":"http:\/\/www.colefillesbalears.com\/web\/wp-content\/uploads\/2026\/02\/2026-02-06-DEFC-CAT-IG01.png"}],"twitter_card":"summary_large_image","twitter_site":"@COLEFBalears","schema":{"@context":"https:\/\/schema.org","@graph":[{"@type":"WebPage","@id":"https:\/\/www.colefillesbalears.com\/web\/defc-2026\/","url":"https:\/\/www.colefillesbalears.com\/web\/defc-2026\/","name":"DEFC 2026 - COLEF Illes Balears","isPartOf":{"@id":"http:\/\/www.colefillesbalears.com\/web\/#website"},"datePublished":"2024-12-08T15:40:42+00:00","dateModified":"2026-04-21T13:11:32+00:00","breadcrumb":{"@id":"https:\/\/www.colefillesbalears.com\/web\/defc-2026\/#breadcrumb"},"inLanguage":"es","potentialAction":[{"@type":"ReadAction","target":["https:\/\/www.colefillesbalears.com\/web\/defc-2026\/"]}]},{"@type":"BreadcrumbList","@id":"https:\/\/www.colefillesbalears.com\/web\/defc-2026\/#breadcrumb","itemListElement":[{"@type":"ListItem","position":1,"name":"Portada","item":"http:\/\/www.colefillesbalears.com\/web\/"},{"@type":"ListItem","position":2,"name":"DEFC 2026"}]},{"@type":"WebSite","@id":"http:\/\/www.colefillesbalears.com\/web\/#website","url":"http:\/\/www.colefillesbalears.com\/web\/","name":"COLEF Illes Balears","description":"","publisher":{"@id":"http:\/\/www.colefillesbalears.com\/web\/#organization"},"potentialAction":[{"@type":"SearchAction","target":{"@type":"EntryPoint","urlTemplate":"http:\/\/www.colefillesbalears.com\/web\/?s={search_term_string}"},"query-input":"required name=search_term_string"}],"inLanguage":"es"},{"@type":"Organization","@id":"http:\/\/www.colefillesbalears.com\/web\/#organization","name":"Col\u00b7legi Oficial de Llicenciats en Ci\u00e8ncies de l'Activitat F\u00edsica i l'Esport de les Illes Balears","url":"http:\/\/www.colefillesbalears.com\/web\/","sameAs":["https:\/\/www.youtube.com\/channel\/UClDRzEzUh03bePGcdVFw1cQ\/featured","https:\/\/www.facebook.com\/colef.illesbalears\/?ref=bookmarks","https:\/\/twitter.com\/COLEFBalears"],"logo":{"@type":"ImageObject","inLanguage":"es","@id":"http:\/\/www.colefillesbalears.com\/web\/#\/schema\/logo\/image\/","url":"http:\/\/www.colefillesbalears.com\/web\/wp-content\/uploads\/2019\/05\/logo-colef-5.png","contentUrl":"http:\/\/www.colefillesbalears.com\/web\/wp-content\/uploads\/2019\/05\/logo-colef-5.png","width":414,"height":175,"caption":"Col\u00b7legi Oficial de Llicenciats en Ci\u00e8ncies de l'Activitat F\u00edsica i l'Esport de les Illes Balears"},"image":{"@id":"http:\/\/www.colefillesbalears.com\/web\/#\/schema\/logo\/image\/"}}]}},"_links":{"self":[{"href":"https:\/\/www.colefillesbalears.com\/web\/wp-json\/wp\/v2\/pages\/8124"}],"collection":[{"href":"https:\/\/www.colefillesbalears.com\/web\/wp-json\/wp\/v2\/pages"}],"about":[{"href":"https:\/\/www.colefillesbalears.com\/web\/wp-json\/wp\/v2\/types\/page"}],"author":[{"embeddable":true,"href":"https:\/\/www.colefillesbalears.com\/web\/wp-json\/wp\/v2\/users\/4"}],"replies":[{"embeddable":true,"href":"https:\/\/www.colefillesbalears.com\/web\/wp-json\/wp\/v2\/comments?post=8124"}],"version-history":[{"count":10,"href":"https:\/\/www.colefillesbalears.com\/web\/wp-json\/wp\/v2\/pages\/8124\/revisions"}],"predecessor-version":[{"id":8522,"href":"https:\/\/www.colefillesbalears.com\/web\/wp-json\/wp\/v2\/pages\/8124\/revisions\/8522"}],"wp:attachment":[{"href":"https:\/\/www.colefillesbalears.com\/web\/wp-json\/wp\/v2\/media?parent=8124"}],"curies":[{"name":"wp","href":"https:\/\/api.w.org\/{rel}","templated":true}]}}

<h2 class="wp-block-heading has-text-align-center has-x-large-font-size"><strong><em>16a EDICIÓ</em></strong></h2>



<h2 class="wp-block-heading has-text-align-center has-large-font-size"><em><strong>«EF 2.0: Movent cossos, connectant ments»</strong></em></h2>



<figure class="wp-block-image size-full"><a href="http://www.colefillesbalears.com/web/wp-content/uploads/2026/02/2026-02-06-DEFC-CAT-IG01.png"><img decoding="async" loading="lazy" width="1081" height="1351" src="http://www.colefillesbalears.com/web/wp-content/uploads/2026/02/2026-02-06-DEFC-CAT-IG01.png" alt="" class="wp-image-8459" srcset="https://www.colefillesbalears.com/web/wp-content/uploads/2026/02/2026-02-06-DEFC-CAT-IG01.png 1081w, https://www.colefillesbalears.com/web/wp-content/uploads/2026/02/2026-02-06-DEFC-CAT-IG01-768x959.png 768w" sizes="(max-width: 1081px) 100vw, 1081px" /></a></figure>



<h2 class="wp-block-heading has-text-align-center has-x-large-font-size"><img decoding="async" src="https://fonts.gstatic.com/s/e/notoemoji/15.1/1f4dd/32.png" alt="????">&nbsp;<a href="https://docs.google.com/forms/d/e/1FAIpQLSdkdLLBFY_lrZPqLjge0M9hXqrGYCBdjEDOX62BzvAYaCWbdA/viewform" target="_blank" rel="noreferrer noopener">FORMULARI D&#8217;ADHESIÓ</a>&nbsp;<img decoding="async" src="https://fonts.gstatic.com/s/e/notoemoji/15.1/1f4dd/32.png" alt="????"></h2>



<h2 class="wp-block-heading has-text-align-center has-x-large-font-size" style="font-style:normal;font-weight:700;text-transform:uppercase"><strong><mark style="background-color:rgba(0, 0, 0, 0)" class="has-inline-color has-luminous-vivid-orange-color">Dijous, 16 d&#8217;abril de 2026</mark></strong></h2>



<h2 class="wp-block-heading">Podeu ampliar la informació a la&nbsp;<a href="https://www.consejo-colef.es/defc" target="_blank" rel="noreferrer noopener">web</a>&nbsp;amb el&nbsp;<a href="https://drive.google.com/file/d/1hicUUEHJL6bQb7Iyx917Ymq-5hh4W3wS/view" target="_blank" rel="noreferrer noopener">dossier informatiu</a>&nbsp;i la&nbsp;<a href="https://www.consejo-colef.es/post/defc-2026" target="_blank" rel="noreferrer noopener">nota de premsa del Consejo COLEF</a>, com també realitzar la&nbsp;<a href="https://docs.google.com/forms/d/e/1FAIpQLSdkdLLBFY_lrZPqLjge0M9hXqrGYCBdjEDOX62BzvAYaCWbdA/viewform" target="_blank" rel="noreferrer noopener">inscripció</a>&nbsp;del vostre centre.</h2>



<h2 class="wp-block-heading">17/04/2026 <a href="https://www.colefillesbalears.com/web/2026/04/17/les-illes-balears-celebren-el-dia-de-leducacio-fisica-al-carrer-amb-prop-de-8-000-alumnes-participants/">Les Illes Balears celebren el Dia de l’Educació Física al Carrer amb prop de 8.000 alumnes participants</a></h2>

<p>16a EDICIÓ «EF 2.0: Movent cossos, connectant ments» &nbsp;FORMULARI D&#8217;ADHESIÓ&nbsp; Dijous, 16 d&#8217;abril de 2026 Podeu ampliar la informació a la&nbsp;web&nbsp;amb el&nbsp;dossier informatiu&nbsp;i la&nbsp;nota de premsa del Consejo COLEF, com també realitzar la&nbsp;inscripció&nbsp;del vostre centre. 17/04/2026 Les Illes Balears celebren el Dia de l’Educació Física al Carrer amb prop de 8.000 alumnes participants</p>

<!-- This site is optimized with the Yoast SEO plugin v19.6.1 - https://yoast.com/wordpress/plugins/seo/ -->
<title>DEFC 2026 - COLEF Illes Balears</title>
<meta name="robots" content="index, follow, max-snippet:-1, max-image-preview:large, max-video-preview:-1" />
<link rel="canonical" href="https://www.colefillesbalears.com/web/defc-2026/" />
<meta property="og:locale" content="es_ES" />
<meta property="og:type" content="article" />
<meta property="og:title" content="DEFC 2026 - COLEF Illes Balears" />
<meta property="og:description" content="16a EDICIÓ «EF 2.0: Movent cossos, connectant ments» &nbsp;FORMULARI D&#8217;ADHESIÓ&nbsp; Dijous, 16 d&#8217;abril de 2026 Podeu ampliar la informació a la&nbsp;web&nbsp;amb el&nbsp;dossier informatiu&nbsp;i la&nbsp;nota de premsa del Consejo COLEF, com també realitzar la&nbsp;inscripció&nbsp;del vostre centre. 17/04/2026 Les Illes Balears celebren el Dia de l’Educació Física al Carrer amb prop de 8.000 alumnes participants" />
<meta property="og:url" content="https://www.colefillesbalears.com/web/defc-2026/" />
<meta property="og:site_name" content="COLEF Illes Balears" />
<meta property="article:publisher" content="https://www.facebook.com/colef.illesbalears/?ref=bookmarks" />
<meta property="article:modified_time" content="2026-04-21T13:11:32+00:00" />
<meta property="og:image" content="http://www.colefillesbalears.com/web/wp-content/uploads/2026/02/2026-02-06-DEFC-CAT-IG01.png" />
<meta name="twitter:card" content="summary_large_image" />
<meta name="twitter:site" content="@COLEFBalears" />
<script type="application/ld+json" class="yoast-schema-graph">{"@context":"https://schema.org","@graph":[{"@type":"WebPage","@id":"https://www.colefillesbalears.com/web/defc-2026/","url":"https://www.colefillesbalears.com/web/defc-2026/","name":"DEFC 2026 - COLEF Illes Balears","isPartOf":{"@id":"http://www.colefillesbalears.com/web/#website"},"datePublished":"2024-12-08T15:40:42+00:00","dateModified":"2026-04-21T13:11:32+00:00","breadcrumb":{"@id":"https://www.colefillesbalears.com/web/defc-2026/#breadcrumb"},"inLanguage":"es","potentialAction":[{"@type":"ReadAction","target":["https://www.colefillesbalears.com/web/defc-2026/"]}]},{"@type":"BreadcrumbList","@id":"https://www.colefillesbalears.com/web/defc-2026/#breadcrumb","itemListElement":[{"@type":"ListItem","position":1,"name":"Portada","item":"http://www.colefillesbalears.com/web/"},{"@type":"ListItem","position":2,"name":"DEFC 2026"}]},{"@type":"WebSite","@id":"http://www.colefillesbalears.com/web/#website","url":"http://www.colefillesbalears.com/web/","name":"COLEF Illes Balears","description":"","publisher":{"@id":"http://www.colefillesbalears.com/web/#organization"},"potentialAction":[{"@type":"SearchAction","target":{"@type":"EntryPoint","urlTemplate":"http://www.colefillesbalears.com/web/?s={search_term_string}"},"query-input":"required name=search_term_string"}],"inLanguage":"es"},{"@type":"Organization","@id":"http://www.colefillesbalears.com/web/#organization","name":"Col·legi Oficial de Llicenciats en Ciències de l'Activitat Física i l'Esport de les Illes Balears","url":"http://www.colefillesbalears.com/web/","sameAs":["https://www.youtube.com/channel/UClDRzEzUh03bePGcdVFw1cQ/featured","https://www.facebook.com/colef.illesbalears/?ref=bookmarks","https://twitter.com/COLEFBalears"],"logo":{"@type":"ImageObject","inLanguage":"es","@id":"http://www.colefillesbalears.com/web/#/schema/logo/image/","url":"http://www.colefillesbalears.com/web/wp-content/uploads/2019/05/logo-colef-5.png","contentUrl":"http://www.colefillesbalears.com/web/wp-content/uploads/2019/05/logo-colef-5.png","width":414,"height":175,"caption":"Col·legi Oficial de Llicenciats en Ciències de l'Activitat Física i l'Esport de les Illes Balears"},"image":{"@id":"http://www.colefillesbalears.com/web/#/schema/logo/image/"}}]}</script>
<!-- / Yoast SEO plugin. -->

16a EDICIÓ «EF 2.0: Movent cossos, connectant ments» &nbsp;FORMULARI D&#8217;ADHESIÓ&nbsp; Dijous, 16 d&#8217;abril de 2026 Podeu ampliar la informació a la&nbsp;web&nbsp;amb el&nbsp;dossier informatiu&nbsp;i la&nbsp;nota de premsa del Consejo COLEF, com també realitzar la&nbsp;inscripció&nbsp;del vostre centre. 17/04/2026 Les Illes Balears celebren el Dia de l’Educació Física al Carrer amb prop de 8.000 alumnes participants

Col·legi Oficial de Llicenciats en Ciències de l'Activitat Física i l'Esport de les Illes Balears
