{"version":"1.0","provider_name":"COLEF Illes Balears","provider_url":"https:\/\/www.colefillesbalears.com\/web","author_name":"RAUL","author_url":"https:\/\/www.colefillesbalears.com\/web\/author\/raul\/","title":"Signatura conveni Palma Futsal - COLEF Illes Balears","type":"rich","width":600,"height":338,"html":"<blockquote class=\"wp-embedded-content\" data-secret=\"EAmw0okZZE\"><a href=\"https:\/\/www.colefillesbalears.com\/web\/2025\/10\/21\/signatura-conveni-palma-futsal\/\">Signatura conveni Palma Futsal<\/a><\/blockquote><iframe sandbox=\"allow-scripts\" security=\"restricted\" src=\"https:\/\/www.colefillesbalears.com\/web\/2025\/10\/21\/signatura-conveni-palma-futsal\/embed\/#?secret=EAmw0okZZE\" width=\"600\" height=\"338\" title=\"\u00abSignatura conveni Palma Futsal\u00bb \u2014 COLEF Illes Balears\" data-secret=\"EAmw0okZZE\" frameborder=\"0\" marginwidth=\"0\" marginheight=\"0\" scrolling=\"no\" class=\"wp-embedded-content\"><\/iframe><script type=\"text\/javascript\">\n\/*! This file is auto-generated *\/\n!function(c,d){\"use strict\";var e=!1,o=!1;if(d.querySelector)if(c.addEventListener)e=!0;if(c.wp=c.wp||{},c.wp.receiveEmbedMessage);else if(c.wp.receiveEmbedMessage=function(e){var t=e.data;if(!t);else if(!(t.secret||t.message||t.value));else if(\/[^a-zA-Z0-9]\/.test(t.secret));else{for(var r,s,a,i=d.querySelectorAll('iframe[data-secret=\"'+t.secret+'\"]'),n=d.querySelectorAll('blockquote[data-secret=\"'+t.secret+'\"]'),o=new RegExp(\"^https?:$\",\"i\"),l=0;l<n.length;l++)n[l].style.display=\"none\";for(l=0;l<i.length;l++)if(r=i[l],e.source!==r.contentWindow);else{if(r.removeAttribute(\"style\"),\"height\"===t.message){if(1e3<(s=parseInt(t.value,10)))s=1e3;else if(~~s<200)s=200;r.height=s}if(\"link\"===t.message)if(s=d.createElement(\"a\"),a=d.createElement(\"a\"),s.href=r.getAttribute(\"src\"),a.href=t.value,!o.test(a.protocol));else if(a.host===s.host)if(d.activeElement===r)c.top.location.href=t.value}}},e)c.addEventListener(\"message\",c.wp.receiveEmbedMessage,!1),d.addEventListener(\"DOMContentLoaded\",t,!1),c.addEventListener(\"load\",t,!1);function t(){if(o);else{o=!0;for(var e,t,r,s=-1!==navigator.appVersion.indexOf(\"MSIE 10\"),a=!!navigator.userAgent.match(\/Trident.*rv:11\\.\/),i=d.querySelectorAll(\"iframe.wp-embedded-content\"),n=0;n<i.length;n++){if(!(r=(t=i[n]).getAttribute(\"data-secret\")))r=Math.random().toString(36).substr(2,10),t.src+=\"#?secret=\"+r,t.setAttribute(\"data-secret\",r);if(s||a)(e=t.cloneNode(!0)).removeAttribute(\"security\"),t.parentNode.replaceChild(e,t);t.contentWindow.postMessage({message:\"ready\",secret:r},\"*\")}}}}(window,document);\n<\/script>\n","description":"COLEF Illes Balears\u00a0i el\u00a0Palma Futsal\u00a0han signat recentment un\u00a0conveni de col\u00b7laboraci\u00f3\u00a0que refor\u00e7a el vincle entre ambdues entitats i impulsa el reconeixement de la nostra professi\u00f3 dins l\u2019\u00e0mbit esportiu d\u2019elit. El\u00a0Palma Futsal\u00a0\u00e9s actualment un\u00a0referent mundial del futbol sala, no nom\u00e9s pels seus \u00e8xits esportius, sin\u00f3 tamb\u00e9 per la seva manera de treballar, amb una\u00a0estructura professional i un [&hellip;]","thumbnail_url":"http:\/\/www.colefillesbalears.com\/web\/wp-content\/uploads\/2025\/10\/image.png"}

COLEF Illes Balears i el Palma Futsal han signat recentment un conveni de col·laboració que reforça el vincle entre ambdues entitats i impulsa el reconeixement de la nostra professió dins l’àmbit esportiu d’elit. El Palma Futsal és actualment un referent mundial del futbol sala, no només pels seus èxits esportius, sinó també per la seva manera de treballar, amb una estructura professional i un [&hellip;]
