{"id":5922,"date":"2021-06-17T17:02:32","date_gmt":"2021-06-17T17:02:32","guid":{"rendered":"http:\/\/www.colefillesbalears.com\/web\/?page_id=5922"},"modified":"2023-02-14T08:26:45","modified_gmt":"2023-02-14T08:26:45","slug":"segell-de-qualitat-del-sistema-esportiu-balear","status":"publish","type":"page","link":"http:\/\/www.colefillesbalears.com\/web\/iniciatives-2\/segell-de-qualitat-del-sistema-esportiu-balear\/","title":{"rendered":"Segell de Qualitat del Sistema Esportiu balear"},"content":{"rendered":"<div class=\"wp-block-image\">\n<figure class=\"aligncenter size-full\"><img decoding=\"async\" loading=\"lazy\" width=\"1440\" height=\"1440\" src=\"http:\/\/www.colefillesbalears.com\/web\/wp-content\/uploads\/2021\/07\/segellqualitatcolefib.jpg\" alt=\"\" class=\"wp-image-5983\" srcset=\"http:\/\/www.colefillesbalears.com\/web\/wp-content\/uploads\/2021\/07\/segellqualitatcolefib.jpg 1440w, http:\/\/www.colefillesbalears.com\/web\/wp-content\/uploads\/2021\/07\/segellqualitatcolefib-300x300.jpg 300w, http:\/\/www.colefillesbalears.com\/web\/wp-content\/uploads\/2021\/07\/segellqualitatcolefib-1024x1024.jpg 1024w, http:\/\/www.colefillesbalears.com\/web\/wp-content\/uploads\/2021\/07\/segellqualitatcolefib-150x150.jpg 150w, http:\/\/www.colefillesbalears.com\/web\/wp-content\/uploads\/2021\/07\/segellqualitatcolefib-768x768.jpg 768w, http:\/\/www.colefillesbalears.com\/web\/wp-content\/uploads\/2021\/07\/segellqualitatcolefib-1536x1536.jpg 1536w, http:\/\/www.colefillesbalears.com\/web\/wp-content\/uploads\/2021\/07\/segellqualitatcolefib-2048x2048.jpg 2048w\" sizes=\"(max-width: 1440px) 100vw, 1440px\" \/><\/figure><\/div>\n\n\n<h4 class=\"wp-block-heading\">El COLEF Illes Balears, en col\u00b7laboraci\u00f3 amb el COPLEF Catalunya, ha decidit impulsar el <strong>Segell de Qualitat del Sistema Esportiu a les Illes Balears<\/strong>. Es tracta d&#8217;una certificaci\u00f3 que acredita la qualitat dels serveis, entre altres, l&#8217;objectiu dels quals \u00e9s aportar confian\u00e7a a la ciutadania a la pr\u00e0ctica d&#8217;activitat f\u00edsica, d\u2019exercici f\u00edsic i esport, aix\u00ed com reconeixement professional als gestors dels esmentats serveis.<\/h4>\n\n\n\n<h4 class=\"wp-block-heading\">\u00c9s necessari que les prestacions de les administracions, les entitats, els professionals i les empreses del sector de l&#8217;esport i de l&#8217;activitat f\u00edsica i l\u2019exercici f\u00edsic es basin en la professionalitat i l&#8217;excel\u00b7l\u00e8ncia, condicions necess\u00e0ries per continuar millorant la qualitat del conjunt del sistema esportiu balear, des del punt de vista:<\/h4>\n\n\n\n<div class=\"wp-block-group is-layout-flow\"><div class=\"wp-block-group__inner-container\">\n<h4 class=\"wp-block-heading\">&#8211; <em>Institucional<\/em>, tant de l&#8217;Administraci\u00f3 general com la local. El <strong>Segell de Qualitat <\/strong>\u00e9s una eina estrat\u00e8gica excel\u00b7lent per implantar pol\u00edtiques esportives p\u00fabliques de qualitat centrades en la reactivaci\u00f3 econ\u00f2mica del sector de l&#8217;esport i l&#8217;activitat f\u00edsica i l\u2019exercici f\u00edsic, plenament afectat per la crisi de la COVID-19.<\/h4>\n<\/div><\/div>\n\n\n\n<div class=\"wp-block-group is-layout-flow\"><div class=\"wp-block-group__inner-container\">\n<h4 class=\"wp-block-heading\">&#8211; <em>Professional i empresarial. <\/em>El <strong>Segell de Qualitat <\/strong>\u00e9s un instrument concebut per prestigiar i millorar la gesti\u00f3 dels agents del sistema esportiu de l&#8217;activitat f\u00edsica i l\u2019exercici f\u00edsic. Implanta un model basat en els principis de la gesti\u00f3 de la qualitat que comporta de forma directa m\u00e9s valor i prestigi percebut per part de la ciutadania.<\/h4>\n<\/div><\/div>\n\n\n\n<div class=\"wp-block-group is-layout-flow\"><div class=\"wp-block-group__inner-container\">\n<h4 class=\"wp-block-heading\">&#8211; <em>De la ciutadania<\/em>. El <strong>Segell de Qualitat <\/strong>\u00e9s la garantia que el servei que es presta \u00e9s de qualitat. Permetr\u00e0 identificar entitats, professionals i empreses que ofereixen serveis excel\u00b7lents i que garanteixen la protecci\u00f3 de la seva salut.<\/h4>\n<\/div><\/div>\n\n\n<div class=\"wp-block-image\">\n<figure class=\"aligncenter size-full\"><a href=\"https:\/\/drive.google.com\/file\/d\/1f1J7YcuM2EFPi4BT7RTsm_KAhgih0hWR\/view?usp=sharing\"><img decoding=\"async\" loading=\"lazy\" width=\"878\" height=\"579\" src=\"http:\/\/www.colefillesbalears.com\/web\/wp-content\/uploads\/2021\/06\/presentacio-segell-qualita.png\" alt=\"\" class=\"wp-image-5927\" srcset=\"http:\/\/www.colefillesbalears.com\/web\/wp-content\/uploads\/2021\/06\/presentacio-segell-qualita.png 878w, http:\/\/www.colefillesbalears.com\/web\/wp-content\/uploads\/2021\/06\/presentacio-segell-qualita-768x506.png 768w\" sizes=\"(max-width: 878px) 100vw, 878px\" \/><\/a><\/figure><\/div>\n\n\n<h3 class=\"wp-block-heading\"><a aria-label=\"undefined (abre en una nueva pesta\u00f1a)\" href=\"https:\/\/drive.google.com\/file\/d\/1RACduEMlJwfmmrKkg697OJduPtgNmE6J\/view?usp=sharing\" target=\"_blank\" rel=\"noreferrer noopener\">Nota de premsa i fotos<\/a><\/h3>\n\n\n\n<h3 class=\"wp-block-heading\">Not\u00edcia IB3: <a href=\"https:\/\/youtu.be\/N3Njc39bphY\" target=\"_blank\" aria-label=\"undefined (abre en una nueva pesta\u00f1a)\" rel=\"noreferrer noopener\">Baleares saca el sello de calidad del COLEF<\/a><\/h3>\n\n\n<div class=\"wp-block-image\">\n<figure class=\"aligncenter size-full\"><a href=\"https:\/\/youtu.be\/UqO43AjD3IQ\"><img decoding=\"async\" loading=\"lazy\" width=\"320\" height=\"180\" src=\"http:\/\/www.colefillesbalears.com\/web\/wp-content\/uploads\/2021\/06\/mq3.jpg\" alt=\"\" class=\"wp-image-5947\" srcset=\"http:\/\/www.colefillesbalears.com\/web\/wp-content\/uploads\/2021\/06\/mq3.jpg 320w, http:\/\/www.colefillesbalears.com\/web\/wp-content\/uploads\/2021\/06\/mq3-768x432.jpg 768w\" sizes=\"(max-width: 320px) 100vw, 320px\" \/><\/a><\/figure><\/div>\n\n\n<figure class=\"wp-block-image size-full\"><a href=\"https:\/\/drive.google.com\/file\/d\/1vBpYQiZQWcaOBxVJtkYY86FIkyaeZy1_\/view?usp=sharing\"><img decoding=\"async\" loading=\"lazy\" width=\"903\" height=\"587\" src=\"http:\/\/www.colefillesbalears.com\/web\/wp-content\/uploads\/2021\/11\/presentacioSQ23112021.png\" alt=\"\" class=\"wp-image-6329\" srcset=\"http:\/\/www.colefillesbalears.com\/web\/wp-content\/uploads\/2021\/11\/presentacioSQ23112021.png 903w, http:\/\/www.colefillesbalears.com\/web\/wp-content\/uploads\/2021\/11\/presentacioSQ23112021-768x499.png 768w\" sizes=\"(max-width: 903px) 100vw, 903px\" \/><\/a><\/figure>\n\n\n\n<h1 class=\"wp-block-heading\">Nova web: <a aria-label=\"undefined (abre en una nueva pesta\u00f1a)\" href=\"https:\/\/www.calidadsistemadeportivo.com\/colef-balears\/\" target=\"_blank\" rel=\"noreferrer noopener\">https:\/\/www.calidadsistemadeportivo.com\/colef-balears\/<\/a><\/h1>\n\n\n\n<h2 class=\"wp-block-heading\">17\/10\/2022 <a href=\"http:\/\/www.colefillesbalears.com\/web\/2022\/10\/18\/comissio-avaluadora-del-segell-de-qualitat-del-sistema-esportiu-balear\/\" target=\"_blank\" rel=\"noreferrer noopener\">Comissi\u00f3 Avaluadora del Segell de Qualitat del Sistema Esportiu Balear<\/a><\/h2>\n\n\n\n<h2 class=\"wp-block-heading\">14\/02\/2023: <a href=\"http:\/\/www.colefillesbalears.com\/web\/2023\/02\/14\/lliurament-dels-primers-distintius-del-segell-de-qualitat-del-sistema-esportiu-balear\/\">Lliurament dels primers distintius del Segell de Qualitat del Sistema Esportiu Balear<\/a><\/h2>\n","protected":false},"excerpt":{"rendered":"<p>El COLEF Illes Balears, en col\u00b7laboraci\u00f3 amb el COPLEF Catalunya, ha decidit impulsar el Segell de Qualitat del Sistema Esportiu a les Illes Balears. Es tracta d&#8217;una certificaci\u00f3 que acredita la qualitat dels serveis, entre altres, l&#8217;objectiu dels quals \u00e9s aportar confian\u00e7a a la ciutadania a la pr\u00e0ctica d&#8217;activitat f\u00edsica, d\u2019exercici f\u00edsic i esport, aix\u00ed [&hellip;]<\/p>\n","protected":false},"author":4,"featured_media":0,"parent":5201,"menu_order":3,"comment_status":"closed","ping_status":"closed","template":"","meta":[],"yoast_head":"<!-- This site is optimized with the Yoast SEO plugin v19.6.1 - https:\/\/yoast.com\/wordpress\/plugins\/seo\/ -->\n<title>Segell de Qualitat del Sistema Esportiu balear - COLEF Illes Balears<\/title>\n<meta name=\"robots\" content=\"index, follow, max-snippet:-1, max-image-preview:large, max-video-preview:-1\" \/>\n<link rel=\"canonical\" href=\"http:\/\/www.colefillesbalears.com\/web\/iniciatives-2\/segell-de-qualitat-del-sistema-esportiu-balear\/\" \/>\n<meta property=\"og:locale\" content=\"es_ES\" \/>\n<meta property=\"og:type\" content=\"article\" \/>\n<meta property=\"og:title\" content=\"Segell de Qualitat del Sistema Esportiu balear - COLEF Illes Balears\" \/>\n<meta property=\"og:description\" content=\"El COLEF Illes Balears, en col\u00b7laboraci\u00f3 amb el COPLEF Catalunya, ha decidit impulsar el Segell de Qualitat del Sistema Esportiu a les Illes Balears. Es tracta d&#8217;una certificaci\u00f3 que acredita la qualitat dels serveis, entre altres, l&#8217;objectiu dels quals \u00e9s aportar confian\u00e7a a la ciutadania a la pr\u00e0ctica d&#8217;activitat f\u00edsica, d\u2019exercici f\u00edsic i esport, aix\u00ed [&hellip;]\" \/>\n<meta property=\"og:url\" content=\"http:\/\/www.colefillesbalears.com\/web\/iniciatives-2\/segell-de-qualitat-del-sistema-esportiu-balear\/\" \/>\n<meta property=\"og:site_name\" content=\"COLEF Illes Balears\" \/>\n<meta property=\"article:publisher\" content=\"https:\/\/www.facebook.com\/colef.illesbalears\/?ref=bookmarks\" \/>\n<meta property=\"article:modified_time\" content=\"2023-02-14T08:26:45+00:00\" \/>\n<meta property=\"og:image\" content=\"http:\/\/www.colefillesbalears.com\/web\/wp-content\/uploads\/2021\/07\/segellqualitatcolefib.jpg\" \/>\n<meta name=\"twitter:card\" content=\"summary_large_image\" \/>\n<meta name=\"twitter:site\" content=\"@COLEFBalears\" \/>\n<meta name=\"twitter:label1\" content=\"Tiempo de lectura\" \/>\n\t<meta name=\"twitter:data1\" content=\"3 minutos\" \/>\n<script type=\"application\/ld+json\" class=\"yoast-schema-graph\">{\"@context\":\"https:\/\/schema.org\",\"@graph\":[{\"@type\":\"WebPage\",\"@id\":\"http:\/\/www.colefillesbalears.com\/web\/iniciatives-2\/segell-de-qualitat-del-sistema-esportiu-balear\/\",\"url\":\"http:\/\/www.colefillesbalears.com\/web\/iniciatives-2\/segell-de-qualitat-del-sistema-esportiu-balear\/\",\"name\":\"Segell de Qualitat del Sistema Esportiu balear - COLEF Illes Balears\",\"isPartOf\":{\"@id\":\"http:\/\/www.colefillesbalears.com\/web\/#website\"},\"datePublished\":\"2021-06-17T17:02:32+00:00\",\"dateModified\":\"2023-02-14T08:26:45+00:00\",\"breadcrumb\":{\"@id\":\"http:\/\/www.colefillesbalears.com\/web\/iniciatives-2\/segell-de-qualitat-del-sistema-esportiu-balear\/#breadcrumb\"},\"inLanguage\":\"es\",\"potentialAction\":[{\"@type\":\"ReadAction\",\"target\":[\"http:\/\/www.colefillesbalears.com\/web\/iniciatives-2\/segell-de-qualitat-del-sistema-esportiu-balear\/\"]}]},{\"@type\":\"BreadcrumbList\",\"@id\":\"http:\/\/www.colefillesbalears.com\/web\/iniciatives-2\/segell-de-qualitat-del-sistema-esportiu-balear\/#breadcrumb\",\"itemListElement\":[{\"@type\":\"ListItem\",\"position\":1,\"name\":\"Portada\",\"item\":\"http:\/\/www.colefillesbalears.com\/web\/\"},{\"@type\":\"ListItem\",\"position\":2,\"name\":\"Iniciatives\",\"item\":\"http:\/\/www.colefillesbalears.com\/web\/iniciatives-2\/\"},{\"@type\":\"ListItem\",\"position\":3,\"name\":\"Segell de Qualitat del Sistema Esportiu balear\"}]},{\"@type\":\"WebSite\",\"@id\":\"http:\/\/www.colefillesbalears.com\/web\/#website\",\"url\":\"http:\/\/www.colefillesbalears.com\/web\/\",\"name\":\"COLEF Illes Balears\",\"description\":\"\",\"publisher\":{\"@id\":\"http:\/\/www.colefillesbalears.com\/web\/#organization\"},\"potentialAction\":[{\"@type\":\"SearchAction\",\"target\":{\"@type\":\"EntryPoint\",\"urlTemplate\":\"http:\/\/www.colefillesbalears.com\/web\/?s={search_term_string}\"},\"query-input\":\"required name=search_term_string\"}],\"inLanguage\":\"es\"},{\"@type\":\"Organization\",\"@id\":\"http:\/\/www.colefillesbalears.com\/web\/#organization\",\"name\":\"Col\u00b7legi Oficial de Llicenciats en Ci\u00e8ncies de l'Activitat F\u00edsica i l'Esport de les Illes Balears\",\"url\":\"http:\/\/www.colefillesbalears.com\/web\/\",\"sameAs\":[\"https:\/\/www.youtube.com\/channel\/UClDRzEzUh03bePGcdVFw1cQ\/featured\",\"https:\/\/www.facebook.com\/colef.illesbalears\/?ref=bookmarks\",\"https:\/\/twitter.com\/COLEFBalears\"],\"logo\":{\"@type\":\"ImageObject\",\"inLanguage\":\"es\",\"@id\":\"http:\/\/www.colefillesbalears.com\/web\/#\/schema\/logo\/image\/\",\"url\":\"http:\/\/www.colefillesbalears.com\/web\/wp-content\/uploads\/2019\/05\/logo-colef-5.png\",\"contentUrl\":\"http:\/\/www.colefillesbalears.com\/web\/wp-content\/uploads\/2019\/05\/logo-colef-5.png\",\"width\":414,\"height\":175,\"caption\":\"Col\u00b7legi Oficial de Llicenciats en Ci\u00e8ncies de l'Activitat F\u00edsica i l'Esport de les Illes Balears\"},\"image\":{\"@id\":\"http:\/\/www.colefillesbalears.com\/web\/#\/schema\/logo\/image\/\"}}]}<\/script>\n<!-- \/ Yoast SEO plugin. -->","yoast_head_json":{"title":"Segell de Qualitat del Sistema Esportiu balear - COLEF Illes Balears","robots":{"index":"index","follow":"follow","max-snippet":"max-snippet:-1","max-image-preview":"max-image-preview:large","max-video-preview":"max-video-preview:-1"},"canonical":"http:\/\/www.colefillesbalears.com\/web\/iniciatives-2\/segell-de-qualitat-del-sistema-esportiu-balear\/","og_locale":"es_ES","og_type":"article","og_title":"Segell de Qualitat del Sistema Esportiu balear - COLEF Illes Balears","og_description":"El COLEF Illes Balears, en col\u00b7laboraci\u00f3 amb el COPLEF Catalunya, ha decidit impulsar el Segell de Qualitat del Sistema Esportiu a les Illes Balears. Es tracta d&#8217;una certificaci\u00f3 que acredita la qualitat dels serveis, entre altres, l&#8217;objectiu dels quals \u00e9s aportar confian\u00e7a a la ciutadania a la pr\u00e0ctica d&#8217;activitat f\u00edsica, d\u2019exercici f\u00edsic i esport, aix\u00ed [&hellip;]","og_url":"http:\/\/www.colefillesbalears.com\/web\/iniciatives-2\/segell-de-qualitat-del-sistema-esportiu-balear\/","og_site_name":"COLEF Illes Balears","article_publisher":"https:\/\/www.facebook.com\/colef.illesbalears\/?ref=bookmarks","article_modified_time":"2023-02-14T08:26:45+00:00","og_image":[{"url":"http:\/\/www.colefillesbalears.com\/web\/wp-content\/uploads\/2021\/07\/segellqualitatcolefib.jpg"}],"twitter_card":"summary_large_image","twitter_site":"@COLEFBalears","twitter_misc":{"Tiempo de lectura":"3 minutos"},"schema":{"@context":"https:\/\/schema.org","@graph":[{"@type":"WebPage","@id":"http:\/\/www.colefillesbalears.com\/web\/iniciatives-2\/segell-de-qualitat-del-sistema-esportiu-balear\/","url":"http:\/\/www.colefillesbalears.com\/web\/iniciatives-2\/segell-de-qualitat-del-sistema-esportiu-balear\/","name":"Segell de Qualitat del Sistema Esportiu balear - COLEF Illes Balears","isPartOf":{"@id":"http:\/\/www.colefillesbalears.com\/web\/#website"},"datePublished":"2021-06-17T17:02:32+00:00","dateModified":"2023-02-14T08:26:45+00:00","breadcrumb":{"@id":"http:\/\/www.colefillesbalears.com\/web\/iniciatives-2\/segell-de-qualitat-del-sistema-esportiu-balear\/#breadcrumb"},"inLanguage":"es","potentialAction":[{"@type":"ReadAction","target":["http:\/\/www.colefillesbalears.com\/web\/iniciatives-2\/segell-de-qualitat-del-sistema-esportiu-balear\/"]}]},{"@type":"BreadcrumbList","@id":"http:\/\/www.colefillesbalears.com\/web\/iniciatives-2\/segell-de-qualitat-del-sistema-esportiu-balear\/#breadcrumb","itemListElement":[{"@type":"ListItem","position":1,"name":"Portada","item":"http:\/\/www.colefillesbalears.com\/web\/"},{"@type":"ListItem","position":2,"name":"Iniciatives","item":"http:\/\/www.colefillesbalears.com\/web\/iniciatives-2\/"},{"@type":"ListItem","position":3,"name":"Segell de Qualitat del Sistema Esportiu balear"}]},{"@type":"WebSite","@id":"http:\/\/www.colefillesbalears.com\/web\/#website","url":"http:\/\/www.colefillesbalears.com\/web\/","name":"COLEF Illes Balears","description":"","publisher":{"@id":"http:\/\/www.colefillesbalears.com\/web\/#organization"},"potentialAction":[{"@type":"SearchAction","target":{"@type":"EntryPoint","urlTemplate":"http:\/\/www.colefillesbalears.com\/web\/?s={search_term_string}"},"query-input":"required name=search_term_string"}],"inLanguage":"es"},{"@type":"Organization","@id":"http:\/\/www.colefillesbalears.com\/web\/#organization","name":"Col\u00b7legi Oficial de Llicenciats en Ci\u00e8ncies de l'Activitat F\u00edsica i l'Esport de les Illes Balears","url":"http:\/\/www.colefillesbalears.com\/web\/","sameAs":["https:\/\/www.youtube.com\/channel\/UClDRzEzUh03bePGcdVFw1cQ\/featured","https:\/\/www.facebook.com\/colef.illesbalears\/?ref=bookmarks","https:\/\/twitter.com\/COLEFBalears"],"logo":{"@type":"ImageObject","inLanguage":"es","@id":"http:\/\/www.colefillesbalears.com\/web\/#\/schema\/logo\/image\/","url":"http:\/\/www.colefillesbalears.com\/web\/wp-content\/uploads\/2019\/05\/logo-colef-5.png","contentUrl":"http:\/\/www.colefillesbalears.com\/web\/wp-content\/uploads\/2019\/05\/logo-colef-5.png","width":414,"height":175,"caption":"Col\u00b7legi Oficial de Llicenciats en Ci\u00e8ncies de l'Activitat F\u00edsica i l'Esport de les Illes Balears"},"image":{"@id":"http:\/\/www.colefillesbalears.com\/web\/#\/schema\/logo\/image\/"}}]}},"_links":{"self":[{"href":"http:\/\/www.colefillesbalears.com\/web\/wp-json\/wp\/v2\/pages\/5922"}],"collection":[{"href":"http:\/\/www.colefillesbalears.com\/web\/wp-json\/wp\/v2\/pages"}],"about":[{"href":"http:\/\/www.colefillesbalears.com\/web\/wp-json\/wp\/v2\/types\/page"}],"author":[{"embeddable":true,"href":"http:\/\/www.colefillesbalears.com\/web\/wp-json\/wp\/v2\/users\/4"}],"replies":[{"embeddable":true,"href":"http:\/\/www.colefillesbalears.com\/web\/wp-json\/wp\/v2\/comments?post=5922"}],"version-history":[{"count":16,"href":"http:\/\/www.colefillesbalears.com\/web\/wp-json\/wp\/v2\/pages\/5922\/revisions"}],"predecessor-version":[{"id":7177,"href":"http:\/\/www.colefillesbalears.com\/web\/wp-json\/wp\/v2\/pages\/5922\/revisions\/7177"}],"up":[{"embeddable":true,"href":"http:\/\/www.colefillesbalears.com\/web\/wp-json\/wp\/v2\/pages\/5201"}],"wp:attachment":[{"href":"http:\/\/www.colefillesbalears.com\/web\/wp-json\/wp\/v2\/media?parent=5922"}],"curies":[{"name":"wp","href":"https:\/\/api.w.org\/{rel}","templated":true}]}}