{"id":291,"date":"2020-02-07T08:29:00","date_gmt":"2020-02-07T08:29:00","guid":{"rendered":"http:\/\/www.colefillesbalears.com\/web\/?page_id=291"},"modified":"2021-03-09T16:48:21","modified_gmt":"2021-03-09T16:48:21","slug":"borsa-de-treball","status":"publish","type":"page","link":"http:\/\/www.colefillesbalears.com\/web\/area-professional\/borsa-de-treball\/","title":{"rendered":"Borsa de treball"},"content":{"rendered":"<h3 style=\"font-weight: 400;\"><strong><a href=\"https:\/\/www.plataformacolef.es\/es\/12\/518\/Borsa-de-treball--Bolsa-de-empleo.html\">BORSA DE TREBALL_PLATAFORMA COL\u00b7LEGIAL<\/a><\/strong><\/h3>\n<h3 style=\"font-weight: 400;\"><strong>La inscripci\u00f3 en ofertes d&#8217;ocupaci\u00f3 \u00e9s una utilitat exclusiva per a col\u00b7legiats\/des.<\/strong><\/h3>\n<h3 style=\"font-weight: 400;\"><strong>Si est\u00e0s col\u00b7legiat\/da i desitges\u00a0inscriur-te\u00a0en aquesta oferta d&#8217;ocupaci\u00f3, ha d&#8217;accedir al &#8216;<a href=\"https:\/\/extranet.plataformacolef.es\/es\/12\/-100\/0\/0\/1\/Area-de-Usuarios.html\">\u00c0rea d&#8217;usuaris<\/a>&#8216; amb les teves dades d&#8217;acc\u00e9s i un cop identificat ja podr\u00e0s realitzar la teva inscripci\u00f3.<\/strong><\/h3>\n<h3 style=\"font-weight: 400;\"><strong>Si encara no tens la teva contrassenya es pot sol\u00b7licitar a info@colefillesbalears.com ASSUMPTE: CONTRASSENYA \u00c0REA D&#8217;USUARIS<\/strong><\/h3>\n<p>\u00a0<\/p>\n<hr \/>\n\n\n<pre class=\"wp-block-verse\"><br><\/pre>\n","protected":false},"excerpt":{"rendered":"<p>BORSA DE TREBALL_PLATAFORMA COL\u00b7LEGIAL La inscripci\u00f3 en ofertes d&#8217;ocupaci\u00f3 \u00e9s una utilitat exclusiva per a col\u00b7legiats\/des. Si est\u00e0s col\u00b7legiat\/da i desitges\u00a0inscriur-te\u00a0en aquesta oferta d&#8217;ocupaci\u00f3, ha d&#8217;accedir al &#8216;\u00c0rea d&#8217;usuaris&#8216; amb les teves dades d&#8217;acc\u00e9s i un cop identificat ja podr\u00e0s realitzar la teva inscripci\u00f3. Si encara no tens la teva contrassenya es pot sol\u00b7licitar a [&hellip;]<\/p>\n","protected":false},"author":4,"featured_media":0,"parent":273,"menu_order":0,"comment_status":"open","ping_status":"open","template":"","meta":[],"yoast_head":"<!-- This site is optimized with the Yoast SEO plugin v19.6.1 - https:\/\/yoast.com\/wordpress\/plugins\/seo\/ -->\n<title>Borsa de treball - COLEF Illes Balears<\/title>\n<meta name=\"robots\" content=\"index, follow, max-snippet:-1, max-image-preview:large, max-video-preview:-1\" \/>\n<link rel=\"canonical\" href=\"http:\/\/www.colefillesbalears.com\/web\/area-professional\/borsa-de-treball\/\" \/>\n<meta property=\"og:locale\" content=\"es_ES\" \/>\n<meta property=\"og:type\" content=\"article\" \/>\n<meta property=\"og:title\" content=\"Borsa de treball - COLEF Illes Balears\" \/>\n<meta property=\"og:description\" content=\"BORSA DE TREBALL_PLATAFORMA COL\u00b7LEGIAL La inscripci\u00f3 en ofertes d&#8217;ocupaci\u00f3 \u00e9s una utilitat exclusiva per a col\u00b7legiats\/des. Si est\u00e0s col\u00b7legiat\/da i desitges\u00a0inscriur-te\u00a0en aquesta oferta d&#8217;ocupaci\u00f3, ha d&#8217;accedir al &#8216;\u00c0rea d&#8217;usuaris&#8216; amb les teves dades d&#8217;acc\u00e9s i un cop identificat ja podr\u00e0s realitzar la teva inscripci\u00f3. Si encara no tens la teva contrassenya es pot sol\u00b7licitar a [&hellip;]\" \/>\n<meta property=\"og:url\" content=\"http:\/\/www.colefillesbalears.com\/web\/area-professional\/borsa-de-treball\/\" \/>\n<meta property=\"og:site_name\" content=\"COLEF Illes Balears\" \/>\n<meta property=\"article:publisher\" content=\"https:\/\/www.facebook.com\/colef.illesbalears\/?ref=bookmarks\" \/>\n<meta property=\"article:modified_time\" content=\"2021-03-09T16:48:21+00:00\" \/>\n<meta name=\"twitter:card\" content=\"summary_large_image\" \/>\n<meta name=\"twitter:site\" content=\"@COLEFBalears\" \/>\n<script type=\"application\/ld+json\" class=\"yoast-schema-graph\">{\"@context\":\"https:\/\/schema.org\",\"@graph\":[{\"@type\":\"WebPage\",\"@id\":\"http:\/\/www.colefillesbalears.com\/web\/area-professional\/borsa-de-treball\/\",\"url\":\"http:\/\/www.colefillesbalears.com\/web\/area-professional\/borsa-de-treball\/\",\"name\":\"Borsa de treball - COLEF Illes Balears\",\"isPartOf\":{\"@id\":\"http:\/\/www.colefillesbalears.com\/web\/#website\"},\"datePublished\":\"2020-02-07T08:29:00+00:00\",\"dateModified\":\"2021-03-09T16:48:21+00:00\",\"breadcrumb\":{\"@id\":\"http:\/\/www.colefillesbalears.com\/web\/area-professional\/borsa-de-treball\/#breadcrumb\"},\"inLanguage\":\"es\",\"potentialAction\":[{\"@type\":\"ReadAction\",\"target\":[\"http:\/\/www.colefillesbalears.com\/web\/area-professional\/borsa-de-treball\/\"]}]},{\"@type\":\"BreadcrumbList\",\"@id\":\"http:\/\/www.colefillesbalears.com\/web\/area-professional\/borsa-de-treball\/#breadcrumb\",\"itemListElement\":[{\"@type\":\"ListItem\",\"position\":1,\"name\":\"Portada\",\"item\":\"http:\/\/www.colefillesbalears.com\/web\/\"},{\"@type\":\"ListItem\",\"position\":2,\"name\":\"\u00c0rea Professional\",\"item\":\"https:\/\/www.colefillesbalears.com\/web\/area-professional\/\"},{\"@type\":\"ListItem\",\"position\":3,\"name\":\"Borsa de treball\"}]},{\"@type\":\"WebSite\",\"@id\":\"http:\/\/www.colefillesbalears.com\/web\/#website\",\"url\":\"http:\/\/www.colefillesbalears.com\/web\/\",\"name\":\"COLEF Illes Balears\",\"description\":\"\",\"publisher\":{\"@id\":\"http:\/\/www.colefillesbalears.com\/web\/#organization\"},\"potentialAction\":[{\"@type\":\"SearchAction\",\"target\":{\"@type\":\"EntryPoint\",\"urlTemplate\":\"http:\/\/www.colefillesbalears.com\/web\/?s={search_term_string}\"},\"query-input\":\"required name=search_term_string\"}],\"inLanguage\":\"es\"},{\"@type\":\"Organization\",\"@id\":\"http:\/\/www.colefillesbalears.com\/web\/#organization\",\"name\":\"Col\u00b7legi Oficial de Llicenciats en Ci\u00e8ncies de l'Activitat F\u00edsica i l'Esport de les Illes Balears\",\"url\":\"http:\/\/www.colefillesbalears.com\/web\/\",\"sameAs\":[\"https:\/\/www.youtube.com\/channel\/UClDRzEzUh03bePGcdVFw1cQ\/featured\",\"https:\/\/www.facebook.com\/colef.illesbalears\/?ref=bookmarks\",\"https:\/\/twitter.com\/COLEFBalears\"],\"logo\":{\"@type\":\"ImageObject\",\"inLanguage\":\"es\",\"@id\":\"http:\/\/www.colefillesbalears.com\/web\/#\/schema\/logo\/image\/\",\"url\":\"http:\/\/www.colefillesbalears.com\/web\/wp-content\/uploads\/2019\/05\/logo-colef-5.png\",\"contentUrl\":\"http:\/\/www.colefillesbalears.com\/web\/wp-content\/uploads\/2019\/05\/logo-colef-5.png\",\"width\":414,\"height\":175,\"caption\":\"Col\u00b7legi Oficial de Llicenciats en Ci\u00e8ncies de l'Activitat F\u00edsica i l'Esport de les Illes Balears\"},\"image\":{\"@id\":\"http:\/\/www.colefillesbalears.com\/web\/#\/schema\/logo\/image\/\"}}]}<\/script>\n<!-- \/ Yoast SEO plugin. -->","yoast_head_json":{"title":"Borsa de treball - COLEF Illes Balears","robots":{"index":"index","follow":"follow","max-snippet":"max-snippet:-1","max-image-preview":"max-image-preview:large","max-video-preview":"max-video-preview:-1"},"canonical":"http:\/\/www.colefillesbalears.com\/web\/area-professional\/borsa-de-treball\/","og_locale":"es_ES","og_type":"article","og_title":"Borsa de treball - COLEF Illes Balears","og_description":"BORSA DE TREBALL_PLATAFORMA COL\u00b7LEGIAL La inscripci\u00f3 en ofertes d&#8217;ocupaci\u00f3 \u00e9s una utilitat exclusiva per a col\u00b7legiats\/des. Si est\u00e0s col\u00b7legiat\/da i desitges\u00a0inscriur-te\u00a0en aquesta oferta d&#8217;ocupaci\u00f3, ha d&#8217;accedir al &#8216;\u00c0rea d&#8217;usuaris&#8216; amb les teves dades d&#8217;acc\u00e9s i un cop identificat ja podr\u00e0s realitzar la teva inscripci\u00f3. Si encara no tens la teva contrassenya es pot sol\u00b7licitar a [&hellip;]","og_url":"http:\/\/www.colefillesbalears.com\/web\/area-professional\/borsa-de-treball\/","og_site_name":"COLEF Illes Balears","article_publisher":"https:\/\/www.facebook.com\/colef.illesbalears\/?ref=bookmarks","article_modified_time":"2021-03-09T16:48:21+00:00","twitter_card":"summary_large_image","twitter_site":"@COLEFBalears","schema":{"@context":"https:\/\/schema.org","@graph":[{"@type":"WebPage","@id":"http:\/\/www.colefillesbalears.com\/web\/area-professional\/borsa-de-treball\/","url":"http:\/\/www.colefillesbalears.com\/web\/area-professional\/borsa-de-treball\/","name":"Borsa de treball - COLEF Illes Balears","isPartOf":{"@id":"http:\/\/www.colefillesbalears.com\/web\/#website"},"datePublished":"2020-02-07T08:29:00+00:00","dateModified":"2021-03-09T16:48:21+00:00","breadcrumb":{"@id":"http:\/\/www.colefillesbalears.com\/web\/area-professional\/borsa-de-treball\/#breadcrumb"},"inLanguage":"es","potentialAction":[{"@type":"ReadAction","target":["http:\/\/www.colefillesbalears.com\/web\/area-professional\/borsa-de-treball\/"]}]},{"@type":"BreadcrumbList","@id":"http:\/\/www.colefillesbalears.com\/web\/area-professional\/borsa-de-treball\/#breadcrumb","itemListElement":[{"@type":"ListItem","position":1,"name":"Portada","item":"http:\/\/www.colefillesbalears.com\/web\/"},{"@type":"ListItem","position":2,"name":"\u00c0rea Professional","item":"https:\/\/www.colefillesbalears.com\/web\/area-professional\/"},{"@type":"ListItem","position":3,"name":"Borsa de treball"}]},{"@type":"WebSite","@id":"http:\/\/www.colefillesbalears.com\/web\/#website","url":"http:\/\/www.colefillesbalears.com\/web\/","name":"COLEF Illes Balears","description":"","publisher":{"@id":"http:\/\/www.colefillesbalears.com\/web\/#organization"},"potentialAction":[{"@type":"SearchAction","target":{"@type":"EntryPoint","urlTemplate":"http:\/\/www.colefillesbalears.com\/web\/?s={search_term_string}"},"query-input":"required name=search_term_string"}],"inLanguage":"es"},{"@type":"Organization","@id":"http:\/\/www.colefillesbalears.com\/web\/#organization","name":"Col\u00b7legi Oficial de Llicenciats en Ci\u00e8ncies de l'Activitat F\u00edsica i l'Esport de les Illes Balears","url":"http:\/\/www.colefillesbalears.com\/web\/","sameAs":["https:\/\/www.youtube.com\/channel\/UClDRzEzUh03bePGcdVFw1cQ\/featured","https:\/\/www.facebook.com\/colef.illesbalears\/?ref=bookmarks","https:\/\/twitter.com\/COLEFBalears"],"logo":{"@type":"ImageObject","inLanguage":"es","@id":"http:\/\/www.colefillesbalears.com\/web\/#\/schema\/logo\/image\/","url":"http:\/\/www.colefillesbalears.com\/web\/wp-content\/uploads\/2019\/05\/logo-colef-5.png","contentUrl":"http:\/\/www.colefillesbalears.com\/web\/wp-content\/uploads\/2019\/05\/logo-colef-5.png","width":414,"height":175,"caption":"Col\u00b7legi Oficial de Llicenciats en Ci\u00e8ncies de l'Activitat F\u00edsica i l'Esport de les Illes Balears"},"image":{"@id":"http:\/\/www.colefillesbalears.com\/web\/#\/schema\/logo\/image\/"}}]}},"_links":{"self":[{"href":"http:\/\/www.colefillesbalears.com\/web\/wp-json\/wp\/v2\/pages\/291"}],"collection":[{"href":"http:\/\/www.colefillesbalears.com\/web\/wp-json\/wp\/v2\/pages"}],"about":[{"href":"http:\/\/www.colefillesbalears.com\/web\/wp-json\/wp\/v2\/types\/page"}],"author":[{"embeddable":true,"href":"http:\/\/www.colefillesbalears.com\/web\/wp-json\/wp\/v2\/users\/4"}],"replies":[{"embeddable":true,"href":"http:\/\/www.colefillesbalears.com\/web\/wp-json\/wp\/v2\/comments?post=291"}],"version-history":[{"count":320,"href":"http:\/\/www.colefillesbalears.com\/web\/wp-json\/wp\/v2\/pages\/291\/revisions"}],"predecessor-version":[{"id":5644,"href":"http:\/\/www.colefillesbalears.com\/web\/wp-json\/wp\/v2\/pages\/291\/revisions\/5644"}],"up":[{"embeddable":true,"href":"http:\/\/www.colefillesbalears.com\/web\/wp-json\/wp\/v2\/pages\/273"}],"wp:attachment":[{"href":"http:\/\/www.colefillesbalears.com\/web\/wp-json\/wp\/v2\/media?parent=291"}],"curies":[{"name":"wp","href":"https:\/\/api.w.org\/{rel}","templated":true}]}}

<h3 style="font-weight: 400;"><strong><a href="https://www.plataformacolef.es/es/12/518/Borsa-de-treball--Bolsa-de-empleo.html">BORSA DE TREBALL_PLATAFORMA COL·LEGIAL</a></strong></h3>
<h3 style="font-weight: 400;"><strong>La inscripció en ofertes d&#8217;ocupació és una utilitat exclusiva per a col·legiats/des.</strong></h3>
<h3 style="font-weight: 400;"><strong>Si estàs col·legiat/da i desitges inscriur-te en aquesta oferta d&#8217;ocupació, ha d&#8217;accedir al &#8216;<a href="https://extranet.plataformacolef.es/es/12/-100/0/0/1/Area-de-Usuarios.html">Àrea d&#8217;usuaris</a>&#8216; amb les teves dades d&#8217;accés i un cop identificat ja podràs realitzar la teva inscripció.</strong></h3>
<h3 style="font-weight: 400;"><strong>Si encara no tens la teva contrassenya es pot sol·licitar a info@colefillesbalears.com ASSUMPTE: CONTRASSENYA ÀREA D&#8217;USUARIS</strong></h3>
<p> </p>
<hr />


<pre class="wp-block-verse"><br></pre>

<p>BORSA DE TREBALL_PLATAFORMA COL·LEGIAL La inscripció en ofertes d&#8217;ocupació és una utilitat exclusiva per a col·legiats/des. Si estàs col·legiat/da i desitges inscriur-te en aquesta oferta d&#8217;ocupació, ha d&#8217;accedir al &#8216;Àrea d&#8217;usuaris&#8216; amb les teves dades d&#8217;accés i un cop identificat ja podràs realitzar la teva inscripció. Si encara no tens la teva contrassenya es pot sol·licitar a [&hellip;]</p>

<!-- This site is optimized with the Yoast SEO plugin v19.6.1 - https://yoast.com/wordpress/plugins/seo/ -->
<title>Borsa de treball - COLEF Illes Balears</title>
<meta name="robots" content="index, follow, max-snippet:-1, max-image-preview:large, max-video-preview:-1" />
<link rel="canonical" href="http://www.colefillesbalears.com/web/area-professional/borsa-de-treball/" />
<meta property="og:locale" content="es_ES" />
<meta property="og:type" content="article" />
<meta property="og:title" content="Borsa de treball - COLEF Illes Balears" />
<meta property="og:description" content="BORSA DE TREBALL_PLATAFORMA COL·LEGIAL La inscripció en ofertes d&#8217;ocupació és una utilitat exclusiva per a col·legiats/des. Si estàs col·legiat/da i desitges inscriur-te en aquesta oferta d&#8217;ocupació, ha d&#8217;accedir al &#8216;Àrea d&#8217;usuaris&#8216; amb les teves dades d&#8217;accés i un cop identificat ja podràs realitzar la teva inscripció. Si encara no tens la teva contrassenya es pot sol·licitar a [&hellip;]" />
<meta property="og:url" content="http://www.colefillesbalears.com/web/area-professional/borsa-de-treball/" />
<meta property="og:site_name" content="COLEF Illes Balears" />
<meta property="article:publisher" content="https://www.facebook.com/colef.illesbalears/?ref=bookmarks" />
<meta property="article:modified_time" content="2021-03-09T16:48:21+00:00" />
<meta name="twitter:card" content="summary_large_image" />
<meta name="twitter:site" content="@COLEFBalears" />
<script type="application/ld+json" class="yoast-schema-graph">{"@context":"https://schema.org","@graph":[{"@type":"WebPage","@id":"http://www.colefillesbalears.com/web/area-professional/borsa-de-treball/","url":"http://www.colefillesbalears.com/web/area-professional/borsa-de-treball/","name":"Borsa de treball - COLEF Illes Balears","isPartOf":{"@id":"http://www.colefillesbalears.com/web/#website"},"datePublished":"2020-02-07T08:29:00+00:00","dateModified":"2021-03-09T16:48:21+00:00","breadcrumb":{"@id":"http://www.colefillesbalears.com/web/area-professional/borsa-de-treball/#breadcrumb"},"inLanguage":"es","potentialAction":[{"@type":"ReadAction","target":["http://www.colefillesbalears.com/web/area-professional/borsa-de-treball/"]}]},{"@type":"BreadcrumbList","@id":"http://www.colefillesbalears.com/web/area-professional/borsa-de-treball/#breadcrumb","itemListElement":[{"@type":"ListItem","position":1,"name":"Portada","item":"http://www.colefillesbalears.com/web/"},{"@type":"ListItem","position":2,"name":"Àrea Professional","item":"https://www.colefillesbalears.com/web/area-professional/"},{"@type":"ListItem","position":3,"name":"Borsa de treball"}]},{"@type":"WebSite","@id":"http://www.colefillesbalears.com/web/#website","url":"http://www.colefillesbalears.com/web/","name":"COLEF Illes Balears","description":"","publisher":{"@id":"http://www.colefillesbalears.com/web/#organization"},"potentialAction":[{"@type":"SearchAction","target":{"@type":"EntryPoint","urlTemplate":"http://www.colefillesbalears.com/web/?s={search_term_string}"},"query-input":"required name=search_term_string"}],"inLanguage":"es"},{"@type":"Organization","@id":"http://www.colefillesbalears.com/web/#organization","name":"Col·legi Oficial de Llicenciats en Ciències de l'Activitat Física i l'Esport de les Illes Balears","url":"http://www.colefillesbalears.com/web/","sameAs":["https://www.youtube.com/channel/UClDRzEzUh03bePGcdVFw1cQ/featured","https://www.facebook.com/colef.illesbalears/?ref=bookmarks","https://twitter.com/COLEFBalears"],"logo":{"@type":"ImageObject","inLanguage":"es","@id":"http://www.colefillesbalears.com/web/#/schema/logo/image/","url":"http://www.colefillesbalears.com/web/wp-content/uploads/2019/05/logo-colef-5.png","contentUrl":"http://www.colefillesbalears.com/web/wp-content/uploads/2019/05/logo-colef-5.png","width":414,"height":175,"caption":"Col·legi Oficial de Llicenciats en Ciències de l'Activitat Física i l'Esport de les Illes Balears"},"image":{"@id":"http://www.colefillesbalears.com/web/#/schema/logo/image/"}}]}</script>
<!-- / Yoast SEO plugin. -->

BORSA DE TREBALL_PLATAFORMA COL·LEGIAL La inscripció en ofertes d&#8217;ocupació és una utilitat exclusiva per a col·legiats/des. Si estàs col·legiat/da i desitges inscriur-te en aquesta oferta d&#8217;ocupació, ha d&#8217;accedir al &#8216;Àrea d&#8217;usuaris&#8216; amb les teves dades d&#8217;accés i un cop identificat ja podràs realitzar la teva inscripció. Si encara no tens la teva contrassenya es pot sol·licitar a [&hellip;]

Àrea Professional

Col·legi Oficial de Llicenciats en Ciències de l'Activitat Física i l'Esport de les Illes Balears
