{"id":242,"date":"2015-07-19T18:34:35","date_gmt":"2015-07-19T18:34:35","guid":{"rendered":"http:\/\/www.colefillesbalears.com\/web\/?page_id=242"},"modified":"2020-12-23T06:39:41","modified_gmt":"2020-12-23T06:39:41","slug":"iniciatives-de-col%c2%b7legiatsdes","status":"publish","type":"page","link":"http:\/\/www.colefillesbalears.com\/web\/area-professional\/iniciatives-de-col%c2%b7legiatsdes\/","title":{"rendered":"Emprenedors\/es COLEF"},"content":{"rendered":"\n<div class=\"wp-block-image\"><figure class=\"aligncenter size-large is-resized\"><a href=\"https:\/\/www.estudiadeporte.com\/que-estudiar\/\" target=\"_blank\" rel=\"noopener noreferrer\"><img decoding=\"async\" loading=\"lazy\" src=\"https:\/\/www.estudiadeporte.com\/wp-content\/uploads\/estudiadeporte.com-web-logo.png\" alt=\"\" width=\"400\" height=\"400\"\/><\/a><figcaption>Col\u00b7legiat 58.642: Fernando P\u00e9rez Tur.<\/figcaption><\/figure><\/div>\n\n\n\n<div class=\"wp-block-image\"><figure class=\"aligncenter size-large\"><a href=\"https:\/\/guillemsegui.com\/\" target=\"_blank\" rel=\"noopener noreferrer\"><img decoding=\"async\" src=\"https:\/\/guillemsegui.com\/wp-content\/uploads\/2020\/03\/cropped-Captura-de-pantalla-2020-03-09-a-las-8.03.05.png\" alt=\"\"\/><\/a><figcaption>Col\u00b7legiat 56424: Guillem Segu\u00ed  Forteza<\/figcaption><\/figure><\/div>\n\n\n\n<hr class=\"wp-block-separator\"\/>\n\n\n\n<div class=\"wp-block-image\"><figure class=\"aligncenter size-large is-resized\"><a href=\"https:\/\/deporteysalud.es\/\" target=\"_blank\" rel=\"noopener noreferrer\"><img decoding=\"async\" loading=\"lazy\" src=\"https:\/\/deporteysalud.es\/wp-content\/uploads\/logo_deporte_salud-1024x376.png\" alt=\"\" width=\"499\" height=\"183\"\/><\/a><figcaption>Col\u00b7legiat 10991: \u00c1lvaro Gonz\u00e1lez Rodr\u00edguez<\/figcaption><\/figure><\/div>\n\n\n\n<hr class=\"wp-block-separator\"\/>\n\n\n\n<div class=\"wp-block-image\"><figure class=\"aligncenter size-large\"><a href=\"https:\/\/ibizaaktive.com\/\" target=\"_blank\" rel=\"noopener noreferrer\"><img decoding=\"async\" src=\"https:\/\/ibizaaktive.com\/wp-content\/uploads\/2016\/07\/quienes-somos.jpg\" alt=\"\"\/><\/a><figcaption>Col\u00b7legiat 52478: Antonio Kopecky Mar\u00ed<\/figcaption><\/figure><\/div>\n\n\n\n<hr class=\"wp-block-separator\"\/>\n\n\n\n<div class=\"wp-block-image\"><figure class=\"aligncenter size-large is-resized\"><a href=\"http:\/\/sportsmallorca.com\/\" target=\"_blank\" rel=\"noopener noreferrer\"><img decoding=\"async\" loading=\"lazy\" src=\"http:\/\/sportsmallorca.com\/wp-content\/uploads\/2018\/04\/sports-mallorca-logo-2.png\" alt=\"\" width=\"455\" height=\"153\"\/><\/a><figcaption>Col\u00b7legiada 13526: Thais Villad\u00f3niga Mart\u00edn<\/figcaption><\/figure><\/div>\n\n\n\n<hr class=\"wp-block-separator\"\/>\n\n\n\n<div class=\"wp-block-image\"><figure class=\"aligncenter size-large is-resized\"><a href=\"http:\/\/www.fitasenderisme.cat\/index.php?register_vars[browser]=Netscape&amp;register_vars[screen_height]=625&amp;register_vars[screen_width]=1366&amp;register_vars[navtype]=ns5&amp;register_vars[lang]=es\" target=\"_blank\" rel=\"noopener noreferrer\"><img decoding=\"async\" loading=\"lazy\" src=\"http:\/\/www.fitasenderisme.cat\/LogoWeb24.png\" alt=\"\" width=\"351\" height=\"290\"\/><\/a><figcaption>Col\u00b7legiada 53714: Elionor Serra Oliver<\/figcaption><\/figure><\/div>\n\n\n\n<hr class=\"wp-block-separator\"\/>\n\n\n\n<div class=\"wp-block-image\"><figure class=\"aligncenter size-large is-resized\"><a href=\"https:\/\/www.puravidamallorca.com\/\" target=\"_blank\" rel=\"noopener noreferrer\"><img decoding=\"async\" loading=\"lazy\" src=\"https:\/\/www.puravidamallorca.com\/wp-content\/uploads\/2018\/02\/logo-pura-vida-1.png\" alt=\"\" width=\"266\" height=\"256\"\/><\/a><figcaption>Col\u00b7legiada 10109: Marta Colomer Ferrer<\/figcaption><\/figure><\/div>\n\n\n\n<hr class=\"wp-block-separator\"\/>\n\n\n\n<div class=\"wp-block-image\"><figure class=\"aligncenter size-large is-resized\"><a href=\"https:\/\/giem.es\/\" target=\"_blank\" rel=\"noopener noreferrer\"><img decoding=\"async\" loading=\"lazy\" src=\"https:\/\/giem.es\/wp-content\/uploads\/2020\/01\/logo-giem.jpg\" alt=\"\" width=\"286\" height=\"87\"\/><\/a><figcaption>Col\u00b7legiat 11628: Carlos Veny Belmar <\/figcaption><\/figure><\/div>\n\n\n\n<hr class=\"wp-block-separator\"\/>\n\n\n\n<div class=\"wp-block-image\"><figure class=\"aligncenter size-large is-resized\"><a href=\"https:\/\/mallorcatrail.wordpress.com\/tag\/dani-salas\/\" target=\"_blank\" rel=\"noopener noreferrer\"><img decoding=\"async\" loading=\"lazy\" src=\"https:\/\/mallorcatrail.files.wordpress.com\/2017\/11\/cropped-logo_rojo_negro_sin_evasion.png?w=1400&amp;h=9999\" alt=\"\" width=\"344\" height=\"344\"\/><\/a><figcaption>Col\u00b7legiat 13458: Dani Salas Navarro<\/figcaption><\/figure><\/div>\n\n\n\n<hr class=\"wp-block-separator\"\/>\n\n\n\n<div class=\"wp-block-image\"><figure class=\"aligncenter size-large is-resized\"><a href=\"https:\/\/fedabaleares.com\/home\/\" target=\"_blank\" rel=\"noopener noreferrer\"><img decoding=\"async\" loading=\"lazy\" src=\"https:\/\/fedabaleares.com\/wp-content\/uploads\/2015\/09\/equipo-formativo-feda-baleares.jpg\" alt=\"\" width=\"481\" height=\"290\"\/><\/a><figcaption>Col\u00b7legiat 12409: Juli\u00e1n Fern\u00e1ndez Ginard<\/figcaption><\/figure><\/div>\n\n\n\n<hr class=\"wp-block-separator\"\/>\n\n\n\n<div class=\"wp-block-image\"><figure class=\"aligncenter size-large is-resized\"><a href=\"http:\/\/www.efstudio7.es\/\" target=\"_blank\" rel=\"noopener noreferrer\"><img decoding=\"async\" loading=\"lazy\" src=\"http:\/\/www.efstudio7.es\/img\/logo-efstudio7.png\" alt=\"\" width=\"278\" height=\"278\"\/><\/a><figcaption>Col\u00b7legiat 54999: Alexandre Llompart Mulet<\/figcaption><\/figure><\/div>\n\n\n\n<hr class=\"wp-block-separator\"\/>\n\n\n\n<div class=\"wp-block-image\"><figure class=\"aligncenter size-large is-resized\"><a href=\"https:\/\/backfit.es\/metode\/\" target=\"_blank\" rel=\"noopener noreferrer\"><img decoding=\"async\" loading=\"lazy\" src=\"https:\/\/backfit.es\/wp-content\/uploads\/2019\/08\/imagotip_H_gris.png\" alt=\"\" width=\"374\" height=\"90\"\/><\/a><figcaption> Col\u00b7legiat 10538: Jaume Cresp\u00ed Palmer<\/figcaption><\/figure><\/div>\n\n\n\n<hr class=\"wp-block-separator\"\/>\n\n\n\n<div class=\"wp-block-image\"><figure class=\"aligncenter size-large is-resized\"><a href=\"https:\/\/www.mamifit.es\/es\/\" target=\"_blank\" rel=\"noopener noreferrer\"><img decoding=\"async\" loading=\"lazy\" src=\"https:\/\/www.mamifit.es\/wp-content\/uploads\/2020\/04\/Logo-web.png\" alt=\"\" width=\"323\" height=\"288\"\/><\/a><figcaption>Col\u00b7legiada 55451: Cristina Cuesta Garc\u00eda<\/figcaption><\/figure><\/div>\n\n\n\n<hr class=\"wp-block-separator\"\/>\n\n\n\n<div class=\"wp-block-image\"><figure class=\"aligncenter size-large is-resized\"><a href=\"https:\/\/www.acfys.es\/\"><img decoding=\"async\" loading=\"lazy\" src=\"https:\/\/www.acfys.es\/wp-content\/uploads\/2018\/11\/logo_acfys_2.png\" alt=\"\" width=\"295\" height=\"201\"\/><\/a><figcaption>Col\u00b7legia 55833: Jaime Juan L\u00f3pez<\/figcaption><\/figure><\/div>\n\n\n\n<hr class=\"wp-block-separator\"\/>\n\n\n\n<div class=\"wp-block-image\"><figure class=\"aligncenter size-large is-resized\"><a href=\"http:\/\/www.nordicwalkingmallorca.org\/\" target=\"_blank\" rel=\"noopener noreferrer\"><img decoding=\"async\" loading=\"lazy\" src=\"http:\/\/www.nordicwalkingmallorca.org\/uploads\/2\/3\/5\/3\/23532328\/1439721863.png\" alt=\"\" width=\"240\" height=\"118\"\/><\/a><figcaption>Col\u00b7legiat 53692: Andreu Manresa Mas<\/figcaption><\/figure><\/div>\n\n\n\n<hr class=\"wp-block-separator\"\/>\n\n\n\n<div class=\"wp-block-image\"><figure class=\"aligncenter size-large is-resized\"><a href=\"https:\/\/www.centroactiva.es\/\" target=\"_blank\" rel=\"noopener noreferrer\"><img decoding=\"async\" loading=\"lazy\" src=\"https:\/\/le-cdn.website-editor.net\/05689cd9dead4446a22ac0852cfbb855\/dms3rep\/multi\/opt\/LOGO-REDONDO-GRIS-1920w.png\" alt=\"\" width=\"489\" height=\"453\"\/><\/a><figcaption>Col\u00b7legiat 58705: Daniel Samaniego Cruz<\/figcaption><\/figure><\/div>\n\n\n\n<hr class=\"wp-block-separator\"\/>\n\n\n\n<div class=\"wp-block-image\"><figure class=\"aligncenter size-large is-resized\"><a href=\"https:\/\/carloslopezmartinez.b-cdn.net\/wp-content\/uploads\/2019\/11\/logo-carlos-lopez.png\" target=\"_blank\" rel=\"noopener noreferrer\"><img decoding=\"async\" loading=\"lazy\" src=\"https:\/\/carloslopezmartinez.b-cdn.net\/wp-content\/uploads\/2019\/11\/logo-carlos-lopez.png\" alt=\"\" width=\"406\" height=\"85\"\/><\/a><figcaption>Col\u00b7legiat 10426: Carlos L\u00f3pez Mart\u00ednez<\/figcaption><\/figure><\/div>\n\n\n\n<hr class=\"wp-block-separator\"\/>\n\n\n\n<div class=\"wp-block-image\"><figure class=\"aligncenter size-large is-resized\"><a href=\"https:\/\/www.ibizaentrena.com\/\" target=\"_blank\" rel=\"noopener noreferrer\"><img decoding=\"async\" loading=\"lazy\" src=\"https:\/\/www.ibizaentrena.com\/wp-content\/uploads\/2015\/05\/logo-entrenaibiza.png\" alt=\"\" width=\"385\" height=\"110\"\/><\/a><figcaption>Col\u00b7legiat 53318: Santiago Mar\u00ed Guasch<\/figcaption><\/figure><\/div>\n\n\n\n<hr class=\"wp-block-separator\"\/>\n\n\n\n<div class=\"wp-block-image\"><figure class=\"aligncenter size-large\"><a href=\"https:\/\/algaliasport.net\/\" target=\"_blank\" rel=\"noopener noreferrer\"><img decoding=\"async\" src=\"https:\/\/algaliasport.net\/images\/logo.png\" alt=\"\"\/><\/a><figcaption>Col\u00b7legiada 54935: Magdalena Andreu Capell\u00e0<\/figcaption><\/figure><\/div>\n\n\n\n<hr class=\"wp-block-separator\"\/>\n\n\n\n<figure class=\"wp-block-image\"><img alt=\"\"\/><\/figure>\n","protected":false},"excerpt":{"rendered":"Col\u00b7legiat 58.642: Fernando P\u00e9rez Tur. Col\u00b7legiat 56424: Guillem Segu\u00ed Forteza Col\u00b7legiat 10991: \u00c1lvaro Gonz\u00e1lez Rodr\u00edguez Col\u00b7legiat 52478: Antonio Kopecky Mar\u00ed Col\u00b7legiada 13526: Thais Villad\u00f3niga Mart\u00edn Col\u00b7legiada 53714: Elionor Serra Oliver Col\u00b7legiada 10109: Marta Colomer Ferrer Col\u00b7legiat 11628: Carlos Veny Belmar Col\u00b7legiat 13458: Dani Salas Navarro Col\u00b7legiat 12409: Juli\u00e1n Fern\u00e1ndez Ginard Col\u00b7legiat 54999: Alexandre Llompart Mulet [...]","protected":false},"author":1,"featured_media":0,"parent":273,"menu_order":0,"comment_status":"open","ping_status":"open","template":"","meta":[],"yoast_head":"<!-- This site is optimized with the Yoast SEO plugin v19.6.1 - https:\/\/yoast.com\/wordpress\/plugins\/seo\/ -->\n<title>Emprenedors\/es COLEF - COLEF Illes Balears<\/title>\n<meta name=\"robots\" content=\"index, follow, max-snippet:-1, max-image-preview:large, max-video-preview:-1\" \/>\n<link rel=\"canonical\" href=\"http:\/\/www.colefillesbalears.com\/web\/area-professional\/iniciatives-de-col\u00b7legiatsdes\/\" \/>\n<meta property=\"og:locale\" content=\"es_ES\" \/>\n<meta property=\"og:type\" content=\"article\" \/>\n<meta property=\"og:title\" content=\"Emprenedors\/es COLEF - COLEF Illes Balears\" \/>\n<meta property=\"og:url\" content=\"http:\/\/www.colefillesbalears.com\/web\/area-professional\/iniciatives-de-col\u00b7legiatsdes\/\" \/>\n<meta property=\"og:site_name\" content=\"COLEF Illes Balears\" \/>\n<meta property=\"article:publisher\" content=\"https:\/\/www.facebook.com\/colef.illesbalears\/?ref=bookmarks\" \/>\n<meta property=\"article:modified_time\" content=\"2020-12-23T06:39:41+00:00\" \/>\n<meta property=\"og:image\" content=\"https:\/\/www.estudiadeporte.com\/wp-content\/uploads\/estudiadeporte.com-web-logo.png\" \/>\n<meta name=\"twitter:card\" content=\"summary_large_image\" \/>\n<meta name=\"twitter:site\" content=\"@COLEFBalears\" \/>\n<meta name=\"twitter:label1\" content=\"Tiempo de lectura\" \/>\n\t<meta name=\"twitter:data1\" content=\"1 minuto\" \/>\n<script type=\"application\/ld+json\" class=\"yoast-schema-graph\">{\"@context\":\"https:\/\/schema.org\",\"@graph\":[{\"@type\":\"WebPage\",\"@id\":\"http:\/\/www.colefillesbalears.com\/web\/area-professional\/iniciatives-de-col%c2%b7legiatsdes\/\",\"url\":\"http:\/\/www.colefillesbalears.com\/web\/area-professional\/iniciatives-de-col%c2%b7legiatsdes\/\",\"name\":\"Emprenedors\/es COLEF - COLEF Illes Balears\",\"isPartOf\":{\"@id\":\"http:\/\/www.colefillesbalears.com\/web\/#website\"},\"datePublished\":\"2015-07-19T18:34:35+00:00\",\"dateModified\":\"2020-12-23T06:39:41+00:00\",\"breadcrumb\":{\"@id\":\"http:\/\/www.colefillesbalears.com\/web\/area-professional\/iniciatives-de-col%c2%b7legiatsdes\/#breadcrumb\"},\"inLanguage\":\"es\",\"potentialAction\":[{\"@type\":\"ReadAction\",\"target\":[\"http:\/\/www.colefillesbalears.com\/web\/area-professional\/iniciatives-de-col%c2%b7legiatsdes\/\"]}]},{\"@type\":\"BreadcrumbList\",\"@id\":\"http:\/\/www.colefillesbalears.com\/web\/area-professional\/iniciatives-de-col%c2%b7legiatsdes\/#breadcrumb\",\"itemListElement\":[{\"@type\":\"ListItem\",\"position\":1,\"name\":\"Portada\",\"item\":\"http:\/\/www.colefillesbalears.com\/web\/\"},{\"@type\":\"ListItem\",\"position\":2,\"name\":\"\u00c0rea Professional\",\"item\":\"http:\/\/www.colefillesbalears.com\/web\/area-professional\/\"},{\"@type\":\"ListItem\",\"position\":3,\"name\":\"Emprenedors\/es COLEF\"}]},{\"@type\":\"WebSite\",\"@id\":\"http:\/\/www.colefillesbalears.com\/web\/#website\",\"url\":\"http:\/\/www.colefillesbalears.com\/web\/\",\"name\":\"COLEF Illes Balears\",\"description\":\"\",\"publisher\":{\"@id\":\"http:\/\/www.colefillesbalears.com\/web\/#organization\"},\"potentialAction\":[{\"@type\":\"SearchAction\",\"target\":{\"@type\":\"EntryPoint\",\"urlTemplate\":\"http:\/\/www.colefillesbalears.com\/web\/?s={search_term_string}\"},\"query-input\":\"required name=search_term_string\"}],\"inLanguage\":\"es\"},{\"@type\":\"Organization\",\"@id\":\"http:\/\/www.colefillesbalears.com\/web\/#organization\",\"name\":\"Col\u00b7legi Oficial de Llicenciats en Ci\u00e8ncies de l'Activitat F\u00edsica i l'Esport de les Illes Balears\",\"url\":\"http:\/\/www.colefillesbalears.com\/web\/\",\"sameAs\":[\"https:\/\/www.youtube.com\/channel\/UClDRzEzUh03bePGcdVFw1cQ\/featured\",\"https:\/\/www.facebook.com\/colef.illesbalears\/?ref=bookmarks\",\"https:\/\/twitter.com\/COLEFBalears\"],\"logo\":{\"@type\":\"ImageObject\",\"inLanguage\":\"es\",\"@id\":\"http:\/\/www.colefillesbalears.com\/web\/#\/schema\/logo\/image\/\",\"url\":\"http:\/\/www.colefillesbalears.com\/web\/wp-content\/uploads\/2019\/05\/logo-colef-5.png\",\"contentUrl\":\"http:\/\/www.colefillesbalears.com\/web\/wp-content\/uploads\/2019\/05\/logo-colef-5.png\",\"width\":414,\"height\":175,\"caption\":\"Col\u00b7legi Oficial de Llicenciats en Ci\u00e8ncies de l'Activitat F\u00edsica i l'Esport de les Illes Balears\"},\"image\":{\"@id\":\"http:\/\/www.colefillesbalears.com\/web\/#\/schema\/logo\/image\/\"}}]}<\/script>\n<!-- \/ Yoast SEO plugin. -->","yoast_head_json":{"title":"Emprenedors\/es COLEF - COLEF Illes Balears","robots":{"index":"index","follow":"follow","max-snippet":"max-snippet:-1","max-image-preview":"max-image-preview:large","max-video-preview":"max-video-preview:-1"},"canonical":"http:\/\/www.colefillesbalears.com\/web\/area-professional\/iniciatives-de-col\u00b7legiatsdes\/","og_locale":"es_ES","og_type":"article","og_title":"Emprenedors\/es COLEF - COLEF Illes Balears","og_url":"http:\/\/www.colefillesbalears.com\/web\/area-professional\/iniciatives-de-col\u00b7legiatsdes\/","og_site_name":"COLEF Illes Balears","article_publisher":"https:\/\/www.facebook.com\/colef.illesbalears\/?ref=bookmarks","article_modified_time":"2020-12-23T06:39:41+00:00","og_image":[{"url":"https:\/\/www.estudiadeporte.com\/wp-content\/uploads\/estudiadeporte.com-web-logo.png"}],"twitter_card":"summary_large_image","twitter_site":"@COLEFBalears","twitter_misc":{"Tiempo de lectura":"1 minuto"},"schema":{"@context":"https:\/\/schema.org","@graph":[{"@type":"WebPage","@id":"http:\/\/www.colefillesbalears.com\/web\/area-professional\/iniciatives-de-col%c2%b7legiatsdes\/","url":"http:\/\/www.colefillesbalears.com\/web\/area-professional\/iniciatives-de-col%c2%b7legiatsdes\/","name":"Emprenedors\/es COLEF - COLEF Illes Balears","isPartOf":{"@id":"http:\/\/www.colefillesbalears.com\/web\/#website"},"datePublished":"2015-07-19T18:34:35+00:00","dateModified":"2020-12-23T06:39:41+00:00","breadcrumb":{"@id":"http:\/\/www.colefillesbalears.com\/web\/area-professional\/iniciatives-de-col%c2%b7legiatsdes\/#breadcrumb"},"inLanguage":"es","potentialAction":[{"@type":"ReadAction","target":["http:\/\/www.colefillesbalears.com\/web\/area-professional\/iniciatives-de-col%c2%b7legiatsdes\/"]}]},{"@type":"BreadcrumbList","@id":"http:\/\/www.colefillesbalears.com\/web\/area-professional\/iniciatives-de-col%c2%b7legiatsdes\/#breadcrumb","itemListElement":[{"@type":"ListItem","position":1,"name":"Portada","item":"http:\/\/www.colefillesbalears.com\/web\/"},{"@type":"ListItem","position":2,"name":"\u00c0rea Professional","item":"http:\/\/www.colefillesbalears.com\/web\/area-professional\/"},{"@type":"ListItem","position":3,"name":"Emprenedors\/es COLEF"}]},{"@type":"WebSite","@id":"http:\/\/www.colefillesbalears.com\/web\/#website","url":"http:\/\/www.colefillesbalears.com\/web\/","name":"COLEF Illes Balears","description":"","publisher":{"@id":"http:\/\/www.colefillesbalears.com\/web\/#organization"},"potentialAction":[{"@type":"SearchAction","target":{"@type":"EntryPoint","urlTemplate":"http:\/\/www.colefillesbalears.com\/web\/?s={search_term_string}"},"query-input":"required name=search_term_string"}],"inLanguage":"es"},{"@type":"Organization","@id":"http:\/\/www.colefillesbalears.com\/web\/#organization","name":"Col\u00b7legi Oficial de Llicenciats en Ci\u00e8ncies de l'Activitat F\u00edsica i l'Esport de les Illes Balears","url":"http:\/\/www.colefillesbalears.com\/web\/","sameAs":["https:\/\/www.youtube.com\/channel\/UClDRzEzUh03bePGcdVFw1cQ\/featured","https:\/\/www.facebook.com\/colef.illesbalears\/?ref=bookmarks","https:\/\/twitter.com\/COLEFBalears"],"logo":{"@type":"ImageObject","inLanguage":"es","@id":"http:\/\/www.colefillesbalears.com\/web\/#\/schema\/logo\/image\/","url":"http:\/\/www.colefillesbalears.com\/web\/wp-content\/uploads\/2019\/05\/logo-colef-5.png","contentUrl":"http:\/\/www.colefillesbalears.com\/web\/wp-content\/uploads\/2019\/05\/logo-colef-5.png","width":414,"height":175,"caption":"Col\u00b7legi Oficial de Llicenciats en Ci\u00e8ncies de l'Activitat F\u00edsica i l'Esport de les Illes Balears"},"image":{"@id":"http:\/\/www.colefillesbalears.com\/web\/#\/schema\/logo\/image\/"}}]}},"_links":{"self":[{"href":"http:\/\/www.colefillesbalears.com\/web\/wp-json\/wp\/v2\/pages\/242"}],"collection":[{"href":"http:\/\/www.colefillesbalears.com\/web\/wp-json\/wp\/v2\/pages"}],"about":[{"href":"http:\/\/www.colefillesbalears.com\/web\/wp-json\/wp\/v2\/types\/page"}],"author":[{"embeddable":true,"href":"http:\/\/www.colefillesbalears.com\/web\/wp-json\/wp\/v2\/users\/1"}],"replies":[{"embeddable":true,"href":"http:\/\/www.colefillesbalears.com\/web\/wp-json\/wp\/v2\/comments?post=242"}],"version-history":[{"count":50,"href":"http:\/\/www.colefillesbalears.com\/web\/wp-json\/wp\/v2\/pages\/242\/revisions"}],"predecessor-version":[{"id":5460,"href":"http:\/\/www.colefillesbalears.com\/web\/wp-json\/wp\/v2\/pages\/242\/revisions\/5460"}],"up":[{"embeddable":true,"href":"http:\/\/www.colefillesbalears.com\/web\/wp-json\/wp\/v2\/pages\/273"}],"wp:attachment":[{"href":"http:\/\/www.colefillesbalears.com\/web\/wp-json\/wp\/v2\/media?parent=242"}],"curies":[{"name":"wp","href":"https:\/\/api.w.org\/{rel}","templated":true}]}}