{"version":"1.0","provider_name":"COLEF Illes Balears","provider_url":"http:\/\/www.colefillesbalears.com\/web","author_name":"RAUL","author_url":"http:\/\/www.colefillesbalears.com\/web\/author\/raul\/","title":"Borsa de treball - COLEF Illes Balears","type":"rich","width":600,"height":338,"html":"<blockquote class=\"wp-embedded-content\" data-secret=\"0B0yiPRWgf\"><a href=\"http:\/\/www.colefillesbalears.com\/web\/area-professional\/borsa-de-treball\/\">Borsa de treball<\/a><\/blockquote><iframe sandbox=\"allow-scripts\" security=\"restricted\" src=\"http:\/\/www.colefillesbalears.com\/web\/area-professional\/borsa-de-treball\/embed\/#?secret=0B0yiPRWgf\" width=\"600\" height=\"338\" title=\"\u00abBorsa de treball\u00bb \u2014 COLEF Illes Balears\" data-secret=\"0B0yiPRWgf\" frameborder=\"0\" marginwidth=\"0\" marginheight=\"0\" scrolling=\"no\" class=\"wp-embedded-content\"><\/iframe><script type=\"text\/javascript\">\n\/*! This file is auto-generated *\/\n!function(c,d){\"use strict\";var e=!1,o=!1;if(d.querySelector)if(c.addEventListener)e=!0;if(c.wp=c.wp||{},c.wp.receiveEmbedMessage);else if(c.wp.receiveEmbedMessage=function(e){var t=e.data;if(!t);else if(!(t.secret||t.message||t.value));else if(\/[^a-zA-Z0-9]\/.test(t.secret));else{for(var r,s,a,i=d.querySelectorAll('iframe[data-secret=\"'+t.secret+'\"]'),n=d.querySelectorAll('blockquote[data-secret=\"'+t.secret+'\"]'),o=new RegExp(\"^https?:$\",\"i\"),l=0;l<n.length;l++)n[l].style.display=\"none\";for(l=0;l<i.length;l++)if(r=i[l],e.source!==r.contentWindow);else{if(r.removeAttribute(\"style\"),\"height\"===t.message){if(1e3<(s=parseInt(t.value,10)))s=1e3;else if(~~s<200)s=200;r.height=s}if(\"link\"===t.message)if(s=d.createElement(\"a\"),a=d.createElement(\"a\"),s.href=r.getAttribute(\"src\"),a.href=t.value,!o.test(a.protocol));else if(a.host===s.host)if(d.activeElement===r)c.top.location.href=t.value}}},e)c.addEventListener(\"message\",c.wp.receiveEmbedMessage,!1),d.addEventListener(\"DOMContentLoaded\",t,!1),c.addEventListener(\"load\",t,!1);function t(){if(o);else{o=!0;for(var e,t,r,s=-1!==navigator.appVersion.indexOf(\"MSIE 10\"),a=!!navigator.userAgent.match(\/Trident.*rv:11\\.\/),i=d.querySelectorAll(\"iframe.wp-embedded-content\"),n=0;n<i.length;n++){if(!(r=(t=i[n]).getAttribute(\"data-secret\")))r=Math.random().toString(36).substr(2,10),t.src+=\"#?secret=\"+r,t.setAttribute(\"data-secret\",r);if(s||a)(e=t.cloneNode(!0)).removeAttribute(\"security\"),t.parentNode.replaceChild(e,t);t.contentWindow.postMessage({message:\"ready\",secret:r},\"*\")}}}}(window,document);\n<\/script>\n","description":"BORSA DE TREBALL_PLATAFORMA COL\u00b7LEGIAL La inscripci\u00f3 en ofertes d&#8217;ocupaci\u00f3 \u00e9s una utilitat exclusiva per a col\u00b7legiats\/des. Si est\u00e0s col\u00b7legiat\/da i desitges\u00a0inscriur-te\u00a0en aquesta oferta d&#8217;ocupaci\u00f3, ha d&#8217;accedir al &#8216;\u00c0rea d&#8217;usuaris&#8216; amb les teves dades d&#8217;acc\u00e9s i un cop identificat ja podr\u00e0s realitzar la teva inscripci\u00f3. Si encara no tens la teva contrassenya es pot sol\u00b7licitar a [&hellip;]"}

BORSA DE TREBALL_PLATAFORMA COL·LEGIAL La inscripció en ofertes d&#8217;ocupació és una utilitat exclusiva per a col·legiats/des. Si estàs col·legiat/da i desitges inscriur-te en aquesta oferta d&#8217;ocupació, ha d&#8217;accedir al &#8216;Àrea d&#8217;usuaris&#8216; amb les teves dades d&#8217;accés i un cop identificat ja podràs realitzar la teva inscripció. Si encara no tens la teva contrassenya es pot sol·licitar a [&hellip;]
